CRAN Package Check Results for Package echo.find

Last updated on 2021-08-04 07:49:31 CEST.

Flavor Version Tinstall Tcheck Ttotal Status Flags
r-devel-linux-x86_64-debian-clang 4.0.1 3.40 35.01 38.41 OK
r-devel-linux-x86_64-debian-gcc 4.0.1 3.19 27.03 30.22 OK
r-devel-linux-x86_64-fedora-clang 4.0.1 55.31 OK
r-devel-linux-x86_64-fedora-gcc 4.0.1 45.79 OK
r-devel-windows-x86_64 4.0.1 5.00 46.00 51.00 OK
r-devel-windows-x86_64-gcc10-UCRT 4.0.1 OK
r-patched-linux-x86_64 4.0.1 3.68 34.30 37.98 OK
r-patched-solaris-x86 4.0.1 62.60 OK
r-release-linux-x86_64 4.0.1 3.27 34.07 37.34 OK
r-release-macos-arm64 4.0.1 WARN
r-release-macos-x86_64 4.0.1 OK
r-release-windows-ix86+x86_64 4.0.1 8.00 49.00 57.00 OK
r-oldrel-macos-x86_64 4.0.1 OK
r-oldrel-windows-ix86+x86_64 4.0.1 7.00 49.00 56.00 OK

Check Details

Version: 4.0.1
Check: re-building of vignette outputs
Result: WARN
    Error(s) in re-building vignettes:
     ...
    --- re-building ‘echo-vignette.Rmd’ using rmarkdown
    Warning in engine$weave(file, quiet = quiet, encoding = enc) :
     Pandoc (>= 1.12.3) not available. Falling back to R Markdown v1.
    Quitting from lines 51-100 (echo-vignette.Rmd)
    Error: processing vignette 'echo-vignette.Rmd' failed with diagnostics:
    polygon edge not found
    --- failed re-building ‘echo-vignette.Rmd’
    
    SUMMARY: processing the following file failed:
     ‘echo-vignette.Rmd’
    
    Error: Vignette re-building failed.
    Execution halted
Flavor: r-release-macos-arm64