CRAN Package Check Results for Package easyr

Last updated on 2021-08-05 07:49:23 CEST.

Flavor Version Tinstall Tcheck Ttotal Status Flags
r-devel-linux-x86_64-debian-clang 0.5-4 5.18 63.61 68.79 OK
r-devel-linux-x86_64-debian-gcc 0.5-4 4.96 47.45 52.41 OK
r-devel-linux-x86_64-fedora-clang 0.5-4 91.56 NOTE
r-devel-linux-x86_64-fedora-gcc 0.5-4 101.29 NOTE
r-devel-windows-x86_64 0.5-4 11.00 97.00 108.00 OK
r-devel-windows-x86_64-gcc10-UCRT 0.5-4 ERROR
r-patched-linux-x86_64 0.5-4 5.96 62.22 68.18 OK
r-patched-solaris-x86 0.5-4 105.40 NOTE
r-release-linux-x86_64 0.5-4 5.31 61.23 66.54 OK
r-release-macos-arm64 0.5-4 NOTE
r-release-macos-x86_64 0.5-4 NOTE
r-release-windows-ix86+x86_64 0.5-4 13.00 113.00 126.00 OK
r-oldrel-macos-x86_64 0.5-4 NOTE
r-oldrel-windows-ix86+x86_64 0.5-4 12.00 109.00 121.00 OK

Check Details

Version: 0.5-4
Check: dependencies in R code
Result: NOTE
    Namespace in Imports field not imported from: ‘rprojroot’
     All declared Imports should be used.
Flavors: r-devel-linux-x86_64-fedora-clang, r-devel-linux-x86_64-fedora-gcc, r-patched-solaris-x86, r-release-macos-arm64, r-release-macos-x86_64, r-oldrel-macos-x86_64

Version: 0.5-4
Check: package dependencies
Result: ERROR
    Packages required but not available: 'dplyr', 'Hmisc', 'readxl'
    
    Packages suggested but not available for checking: 'qs', 'testthat'
    
    See section 'The DESCRIPTION file' in the 'Writing R Extensions'
    manual.
Flavor: r-devel-windows-x86_64-gcc10-UCRT