CRAN Package Check Results for Package easyVerification

Last updated on 2021-12-02 08:51:08 CET.

Flavor Version Tinstall Tcheck Ttotal Status Flags
r-devel-linux-x86_64-debian-clang 0.4.4 29.35 44.44 73.79 NOTE
r-devel-linux-x86_64-debian-gcc 0.4.4 19.57 33.91 53.48 NOTE
r-devel-linux-x86_64-fedora-clang 0.4.4 113.37 NOTE
r-devel-linux-x86_64-fedora-gcc 0.4.4 92.34 NOTE
r-devel-windows-x86_64-new-UL 0.4.4 44.00 111.00 155.00 NOTE
r-devel-windows-x86_64-new-TK 0.4.4 NOTE
r-devel-windows-x86_64-old 0.4.4 38.00 57.00 95.00 NOTE
r-patched-linux-x86_64 0.4.4 24.71 42.39 67.10 NOTE
r-patched-solaris-x86 0.4.4 114.20 NOTE
r-release-linux-x86_64 0.4.4 25.51 42.35 67.86 NOTE
r-release-macos-arm64 0.4.4 NOTE
r-release-macos-x86_64 0.4.4 NOTE
r-release-windows-ix86+x86_64 0.4.4 71.00 102.00 173.00 NOTE
r-oldrel-macos-x86_64 0.4.4 OK
r-oldrel-windows-ix86+x86_64 0.4.4 70.00 101.00 171.00 OK

Check Details

Version: 0.4.4
Check: LazyData
Result: NOTE
     'LazyData' is specified without a 'data' directory
Flavors: r-devel-linux-x86_64-debian-clang, r-devel-linux-x86_64-debian-gcc, r-devel-linux-x86_64-fedora-clang, r-devel-linux-x86_64-fedora-gcc, r-devel-windows-x86_64-new-UL, r-devel-windows-x86_64-new-TK, r-devel-windows-x86_64-old, r-patched-linux-x86_64, r-patched-solaris-x86, r-release-linux-x86_64, r-release-macos-arm64, r-release-macos-x86_64, r-release-windows-ix86+x86_64