CRAN Package Check Results for Package easyNCDF

Last updated on 2021-09-18 08:50:42 CEST.

Flavor Version Tinstall Tcheck Ttotal Status Flags
r-devel-linux-x86_64-debian-clang 0.1.0 4.97 36.28 41.25 NOTE
r-devel-linux-x86_64-debian-gcc 0.1.0 3.76 28.13 31.89 NOTE
r-devel-linux-x86_64-fedora-clang 0.1.0 58.58 NOTE
r-devel-linux-x86_64-fedora-gcc 0.1.0 47.45 NOTE
r-devel-windows-x86_64 0.1.0 6.00 55.00 61.00 NOTE
r-devel-windows-x86_64-gcc10-UCRT 0.1.0 NOTE
r-patched-linux-x86_64 0.1.0 4.99 35.56 40.55 NOTE
r-patched-solaris-x86 0.1.0 75.50 NOTE
r-release-linux-x86_64 0.1.0 4.53 35.19 39.72 NOTE
r-release-macos-arm64 0.1.0 NOTE
r-release-macos-x86_64 0.1.0 NOTE
r-release-windows-ix86+x86_64 0.1.0 11.00 44.00 55.00 NOTE
r-oldrel-macos-x86_64 0.1.0 OK
r-oldrel-windows-ix86+x86_64 0.1.0 11.00 41.00 52.00 OK

Check Details

Version: 0.1.0
Check: LazyData
Result: NOTE
     'LazyData' is specified without a 'data' directory
Flavors: r-devel-linux-x86_64-debian-clang, r-devel-linux-x86_64-debian-gcc, r-devel-linux-x86_64-fedora-clang, r-devel-linux-x86_64-fedora-gcc, r-devel-windows-x86_64, r-devel-windows-x86_64-gcc10-UCRT, r-patched-linux-x86_64, r-patched-solaris-x86, r-release-linux-x86_64, r-release-macos-arm64, r-release-macos-x86_64, r-release-windows-ix86+x86_64