CRAN Package Check Results for Package earthtones

Last updated on 2021-07-24 07:49:23 CEST.

Flavor Version Tinstall Tcheck Ttotal Status Flags
r-devel-linux-x86_64-debian-clang 0.1.1 1.93 23.59 25.52 NOTE
r-devel-linux-x86_64-debian-gcc 0.1.1 1.74 18.55 20.29 NOTE
r-devel-linux-x86_64-fedora-clang 0.1.1 40.69 NOTE
r-devel-linux-x86_64-fedora-gcc 0.1.1 29.26 NOTE
r-devel-windows-x86_64 0.1.1 4.00 39.00 43.00 NOTE
r-devel-windows-x86_64-gcc10-UCRT 0.1.1 NOTE
r-patched-linux-x86_64 0.1.1 6.04 22.38 28.42 NOTE
r-patched-solaris-x86 0.1.1 46.70 NOTE
r-release-linux-x86_64 0.1.1 2.12 22.51 24.63 NOTE
r-release-macos-arm64 0.1.1 NOTE
r-release-macos-x86_64 0.1.1 NOTE
r-release-windows-ix86+x86_64 0.1.1 5.00 32.00 37.00 NOTE
r-oldrel-macos-x86_64 0.1.1 OK
r-oldrel-windows-ix86+x86_64 0.1.1 7.00 37.00 44.00 OK

Check Details

Version: 0.1.1
Check: LazyData
Result: NOTE
     'LazyData' is specified without a 'data' directory
Flavors: r-devel-linux-x86_64-debian-clang, r-devel-linux-x86_64-debian-gcc, r-devel-linux-x86_64-fedora-clang, r-devel-linux-x86_64-fedora-gcc, r-devel-windows-x86_64, r-devel-windows-x86_64-gcc10-UCRT, r-patched-linux-x86_64, r-patched-solaris-x86, r-release-linux-x86_64, r-release-macos-arm64, r-release-macos-x86_64, r-release-windows-ix86+x86_64