CRAN Package Check Results for Package eRm

Last updated on 2021-09-22 07:51:14 CEST.

Flavor Version Tinstall Tcheck Ttotal Status Flags
r-devel-linux-x86_64-debian-clang 1.0-2 17.93 196.73 214.66 OK
r-devel-linux-x86_64-debian-gcc 1.0-2 15.23 138.97 154.20 OK
r-devel-linux-x86_64-fedora-clang 1.0-2 256.47 OK
r-devel-linux-x86_64-fedora-gcc 1.0-2 248.03 OK
r-devel-windows-x86_64 1.0-2 22.00 172.00 194.00 OK
r-devel-windows-x86_64-gcc10-UCRT 1.0-2 ERROR
r-patched-linux-x86_64 1.0-2 20.27 185.76 206.03 OK
r-patched-solaris-x86 1.0-2 325.10 OK
r-release-linux-x86_64 1.0-2 17.16 185.65 202.81 OK
r-release-macos-arm64 1.0-2 OK
r-release-macos-x86_64 1.0-2 OK
r-release-windows-ix86+x86_64 1.0-2 39.00 259.00 298.00 OK
r-oldrel-macos-x86_64 1.0-2 OK
r-oldrel-windows-ix86+x86_64 1.0-2 29.00 243.00 272.00 OK

Check Details

Version: 1.0-2
Check: whether package can be installed
Result: ERROR
    Installation failed.
Flavor: r-devel-windows-x86_64-gcc10-UCRT