CRAN Package Check Results for Package dynutils

Last updated on 2021-08-03 07:54:20 CEST.

Flavor Version Tinstall Tcheck Ttotal Status Flags
r-devel-linux-x86_64-debian-clang 1.0.6 36.57 284.25 320.82 NOTE
r-devel-linux-x86_64-debian-gcc 1.0.6 22.64 221.58 244.22 NOTE
r-devel-linux-x86_64-fedora-clang 1.0.6 419.38 NOTE
r-devel-linux-x86_64-fedora-gcc 1.0.6 419.63 NOTE
r-devel-windows-x86_64 1.0.6 31.00 193.00 224.00 ERROR
r-devel-windows-x86_64-gcc10-UCRT 1.0.6 ERROR
r-patched-linux-x86_64 1.0.6 29.99 283.09 313.08 NOTE
r-patched-solaris-x86 1.0.6 720.10 ERROR
r-release-linux-x86_64 1.0.6 27.32 278.63 305.95 NOTE
r-release-macos-arm64 1.0.6 ERROR
r-release-macos-x86_64 1.0.6 ERROR
r-release-windows-ix86+x86_64 1.0.6 83.00 290.00 373.00 ERROR
r-oldrel-macos-x86_64 1.0.6 OK
r-oldrel-windows-ix86+x86_64 1.0.6 60.00 302.00 362.00 ERROR

Check Details

Version: 1.0.6
Check: LazyData
Result: NOTE
     'LazyData' is specified without a 'data' directory
Flavors: r-devel-linux-x86_64-debian-clang, r-devel-linux-x86_64-debian-gcc, r-devel-linux-x86_64-fedora-clang, r-devel-linux-x86_64-fedora-gcc, r-devel-windows-x86_64, r-devel-windows-x86_64-gcc10-UCRT, r-patched-linux-x86_64, r-patched-solaris-x86, r-release-linux-x86_64, r-release-macos-arm64, r-release-macos-x86_64, r-release-windows-ix86+x86_64

Version: 1.0.6
Check: tests
Result: ERROR
     Running 'testthat.R' [65s]
    Running the tests in 'tests/testthat.R' failed.
    Complete output:
     > library(testthat)
     >
     > test_check("dynutils")
     Loading required package: dynutils
    
     Attaching package: 'dynutils'
    
     The following object is masked from 'package:testthat':
    
     has_names
    
     == Failed tests ================================================================
     -- Failure (test-news.R:34:3): update_news works -------------------------------
     `find_news(path = dir_loc)` did not throw an error.
    
     [ FAIL 1 | WARN 5 | SKIP 0 | PASS 554 ]
     Error: Test failures
     Execution halted
Flavor: r-devel-windows-x86_64

Version: 1.0.6
Check: tests
Result: ERROR
     Running 'testthat.R'
    Running the tests in 'tests/testthat.R' failed.
    Complete output:
     > library(testthat)
     >
     > test_check("dynutils")
     Loading required package: dynutils
    
     Attaching package: 'dynutils'
    
     The following object is masked from 'package:testthat':
    
     has_names
    
     ══ Failed tests ════════════════════════════════════════════════════════════════
     ── Failure (test-news.R:34:3): update_news works ───────────────────────────────
     `find_news(path = dir_loc)` did not throw an error.
    
     [ FAIL 1 | WARN 1 | SKIP 0 | PASS 554 ]
     Error: Test failures
     Execution halted
Flavor: r-devel-windows-x86_64-gcc10-UCRT

Version: 1.0.6
Check: tests
Result: ERROR
     Running ‘testthat.R’ [515s/152s]
    Running the tests in ‘tests/testthat.R’ failed.
    Complete output:
     > library(testthat)
     >
     > test_check("dynutils")
     Loading required package: dynutils
    
     Attaching package: 'dynutils'
    
     The following object is masked from 'package:testthat':
    
     has_names
    
     ❌ Unable to read hdf5 files
     ══ Failed tests ════════════════════════════════════════════════════════════════
     ── Error (test-h5.R:11:3): write_h5 and read_h5 works ──────────────────────────
     Error: HDF5-API Errors:
     error #000: H5T.c in H5Tget_class(): line 1876: not a datatype
     class: HDF5
     major: Invalid arguments to routine
     minor: Inappropriate type
    
     Backtrace:
     █
     1. └─dynutils::read_h5(file) test-h5.R:11:2
     2. └─dynutils::read_h5_(file_h5)
     3. └─hdf5r::h5attr(file_h5, "object_class")
     4. └─attr_obj$read()
     5. └─hdf5r:::H5ToR_Pre(mem_type, nelem)
     ── Error (test-h5.R:17:3): test_h5_installation works ──────────────────────────
     Error: HDF5-API Errors:
     error #000: H5T.c in H5Tget_class(): line 1876: not a datatype
     class: HDF5
     major: Invalid arguments to routine
     minor: Inappropriate type
    
     Backtrace:
     █
     1. ├─testthat::expect_true(test_h5_installation()) test-h5.R:17:2
     2. │ └─testthat::quasi_label(enquo(object), label, arg = "object")
     3. │ └─rlang::eval_bare(expr, quo_get_env(quo))
     4. └─dynutils::test_h5_installation()
     5. └─dynutils:::test_h5_installation_read(detailed, file)
     6. └─base::tryCatch(...)
     7. └─base:::tryCatchList(expr, classes, parentenv, handlers)
     8. └─base:::tryCatchOne(expr, names, parentenv, handlers[[1L]])
     9. └─value[[3L]](cond)
    
     [ FAIL 2 | WARN 0 | SKIP 0 | PASS 546 ]
     Error: Test failures
     Execution halted
Flavor: r-patched-solaris-x86

Version: 1.0.6
Check: package dependencies
Result: NOTE
    Package suggested but not available for checking: ‘hdf5r’
Flavors: r-release-macos-arm64, r-release-macos-x86_64

Version: 1.0.6
Check: tests
Result: ERROR
     Running ‘testthat.R’ [67s/30s]
    Running the tests in ‘tests/testthat.R’ failed.
    Last 13 lines of output:
     7. └─base:::tryCatchList(expr, classes, parentenv, handlers)
     8. └─base:::tryCatchOne(expr, names, parentenv, handlers[[1L]])
     9. └─value[[3L]](cond)
     ── Error (test-h5.R:39:3): errors gracefully ───────────────────────────────────
     Error: there is no package called 'hdf5r'
     Backtrace:
     █
     1. └─base::loadNamespace(x) test-h5.R:39:2
     2. └─base::withRestarts(stop(cond), retry_loadNamespace = function() NULL)
     3. └─base:::withOneRestart(expr, restarts[[1L]])
     4. └─base:::doWithOneRestart(return(expr), restart)
    
     [ FAIL 3 | WARN 2 | SKIP 0 | PASS 545 ]
     Error: Test failures
     Execution halted
Flavor: r-release-macos-arm64

Version: 1.0.6
Check: re-building of vignette outputs
Result: WARN
    Error(s) in re-building vignettes:
     ...
    --- re-building ‘functionality.Rmd’ using rmarkdown
    Warning in engine$weave(file, quiet = quiet, encoding = enc) :
     Pandoc (>= 1.12.3) not available. Falling back to R Markdown v1.
    
    Attaching package: 'dplyr'
    
    The following objects are masked from 'package:stats':
    
     filter, lag
    
    The following objects are masked from 'package:base':
    
     intersect, setdiff, setequal, union
    
    Quitting from lines 93-109 (functionality.Rmd)
    Error: processing vignette 'functionality.Rmd' failed with diagnostics:
    polygon edge not found
    --- failed re-building ‘functionality.Rmd’
    
    SUMMARY: processing the following file failed:
     ‘functionality.Rmd’
    
    Error: Vignette re-building failed.
    Execution halted
Flavor: r-release-macos-arm64

Version: 1.0.6
Check: tests
Result: ERROR
     Running ‘testthat.R’ [100s/62s]
    Running the tests in ‘tests/testthat.R’ failed.
    Last 13 lines of output:
     7. └─base:::tryCatchList(expr, classes, parentenv, handlers)
     8. └─base:::tryCatchOne(expr, names, parentenv, handlers[[1L]])
     9. └─value[[3L]](cond)
     ── Error (test-h5.R:39:3): errors gracefully ───────────────────────────────────
     Error: there is no package called 'hdf5r'
     Backtrace:
     █
     1. └─base::loadNamespace(x) test-h5.R:39:2
     2. └─base::withRestarts(stop(cond), retry_loadNamespace = function() NULL)
     3. └─base:::withOneRestart(expr, restarts[[1L]])
     4. └─base:::doWithOneRestart(return(expr), restart)
    
     [ FAIL 3 | WARN 6 | SKIP 0 | PASS 545 ]
     Error: Test failures
     Execution halted
Flavor: r-release-macos-x86_64

Version: 1.0.6
Check: running tests for arch ‘i386’
Result: ERROR
     Running 'testthat.R' [62s]
    Running the tests in 'tests/testthat.R' failed.
    Complete output:
     > library(testthat)
     >
     > test_check("dynutils")
     Loading required package: dynutils
    
     Attaching package: 'dynutils'
    
     The following object is masked from 'package:testthat':
    
     has_names
    
     == Failed tests ================================================================
     -- Failure (test-news.R:34:3): update_news works -------------------------------
     `find_news(path = dir_loc)` did not throw an error.
    
     [ FAIL 1 | WARN 1 | SKIP 0 | PASS 554 ]
     Error: Test failures
     Execution halted
Flavor: r-release-windows-ix86+x86_64

Version: 1.0.6
Check: running tests for arch ‘x64’
Result: ERROR
     Running 'testthat.R' [63s]
    Running the tests in 'tests/testthat.R' failed.
    Complete output:
     > library(testthat)
     >
     > test_check("dynutils")
     Loading required package: dynutils
    
     Attaching package: 'dynutils'
    
     The following object is masked from 'package:testthat':
    
     has_names
    
     == Failed tests ================================================================
     -- Failure (test-news.R:34:3): update_news works -------------------------------
     `find_news(path = dir_loc)` did not throw an error.
    
     [ FAIL 1 | WARN 1 | SKIP 0 | PASS 554 ]
     Error: Test failures
     Execution halted
Flavor: r-release-windows-ix86+x86_64

Version: 1.0.6
Check: running tests for arch ‘i386’
Result: ERROR
     Running 'testthat.R' [69s]
    Running the tests in 'tests/testthat.R' failed.
    Complete output:
     > library(testthat)
     >
     > test_check("dynutils")
     Loading required package: dynutils
    
     Attaching package: 'dynutils'
    
     The following object is masked from 'package:testthat':
    
     has_names
    
     == Failed tests ================================================================
     -- Failure (test-news.R:34:3): update_news works -------------------------------
     `find_news(path = dir_loc)` did not throw an error.
    
     [ FAIL 1 | WARN 1 | SKIP 0 | PASS 554 ]
     Error: Test failures
     Execution halted
Flavor: r-oldrel-windows-ix86+x86_64

Version: 1.0.6
Check: running tests for arch ‘x64’
Result: ERROR
     Running 'testthat.R' [68s]
    Running the tests in 'tests/testthat.R' failed.
    Complete output:
     > library(testthat)
     >
     > test_check("dynutils")
     Loading required package: dynutils
    
     Attaching package: 'dynutils'
    
     The following object is masked from 'package:testthat':
    
     has_names
    
     == Failed tests ================================================================
     -- Failure (test-news.R:34:3): update_news works -------------------------------
     `find_news(path = dir_loc)` did not throw an error.
    
     [ FAIL 1 | WARN 1 | SKIP 0 | PASS 554 ]
     Error: Test failures
     Execution halted
Flavor: r-oldrel-windows-ix86+x86_64