CRAN Package Check Results for Package dyngen

Last updated on 2021-06-22 07:49:25 CEST.

Flavor Version Tinstall Tcheck Ttotal Status Flags
r-devel-linux-x86_64-debian-clang 1.0.1 21.58 235.76 257.34 OK
r-devel-linux-x86_64-debian-gcc 1.0.1 17.82 168.16 185.98 OK
r-devel-linux-x86_64-fedora-clang 1.0.1 303.75 OK
r-devel-linux-x86_64-fedora-gcc 1.0.1 289.02 OK
r-devel-windows-x86_64 1.0.1 31.00 261.00 292.00 OK
r-devel-windows-x86_64-gcc10-UCRT 1.0.1 NOTE
r-patched-linux-x86_64 1.0.1 19.95 217.47 237.42 OK
r-patched-solaris-x86 1.0.1 426.80 OK
r-release-linux-x86_64 1.0.1 16.75 217.23 233.98 OK
r-release-macos-arm64 1.0.1 NOTE
r-release-macos-x86_64 1.0.1 OK
r-release-windows-ix86+x86_64 1.0.1 45.00 279.00 324.00 OK
r-oldrel-macos-x86_64 1.0.1 OK

Check Details

Version: 1.0.1
Check: package dependencies
Result: NOTE
    Packages suggested but not available for checking: 'covr', 'Seurat'
Flavor: r-devel-windows-x86_64-gcc10-UCRT

Version: 1.0.1
Check: package dependencies
Result: NOTE
    Packages suggested but not available for checking:
     'SingleCellExperiment', 'SummarizedExperiment'
Flavor: r-release-macos-arm64