CRAN Package Check Results for Package dynamichazard

Last updated on 2021-08-03 07:54:20 CEST.

Flavor Version Tinstall Tcheck Ttotal Status Flags
r-devel-linux-x86_64-debian-clang 0.6.8 649.07 229.39 878.46 OK
r-devel-linux-x86_64-debian-gcc 0.6.8 446.68 173.55 620.23 OK
r-devel-linux-x86_64-fedora-clang 0.6.8 1201.42 NOTE
r-devel-linux-x86_64-fedora-gcc 0.6.8 1142.06 OK
r-devel-windows-x86_64 0.6.8 560.00 318.00 878.00 NOTE
r-devel-windows-x86_64-gcc10-UCRT 0.6.8 OK
r-patched-linux-x86_64 0.6.8 530.87 222.69 753.56 OK
r-patched-solaris-x86 0.6.8 1051.30 NOTE
r-release-linux-x86_64 0.6.8 529.23 221.71 750.94 OK
r-release-macos-arm64 0.6.8 NOTE
r-release-macos-x86_64 0.6.8 NOTE
r-release-windows-ix86+x86_64 0.6.8 1467.00 438.00 1905.00 NOTE
r-oldrel-macos-x86_64 0.6.8 NOTE
r-oldrel-windows-ix86+x86_64 0.6.8 1059.00 443.00 1502.00 NOTE

Check Details

Version: 0.6.8
Check: installed package size
Result: NOTE
     installed size is 32.7Mb
     sub-directories of 1Mb or more:
     data 4.2Mb
     doc 1.7Mb
     libs 26.3Mb
Flavors: r-devel-linux-x86_64-fedora-clang, r-devel-windows-x86_64, r-patched-solaris-x86, r-release-macos-arm64, r-release-macos-x86_64, r-release-windows-ix86+x86_64, r-oldrel-macos-x86_64, r-oldrel-windows-ix86+x86_64