CRAN Package Check Results for Package dummies

Last updated on 2021-09-26 07:50:05 CEST.

Flavor Version Tinstall Tcheck Ttotal Status Flags
r-devel-linux-x86_64-debian-clang 1.5.6 1.75 21.68 23.43 NOTE
r-devel-linux-x86_64-debian-gcc 1.5.6 1.27 17.41 18.68 NOTE
r-devel-linux-x86_64-fedora-clang 1.5.6 37.69 NOTE
r-devel-linux-x86_64-fedora-gcc 1.5.6 27.68 NOTE
r-devel-windows-x86_64 1.5.6 4.00 32.00 36.00 NOTE
r-devel-windows-x86_64-gcc10-UCRT 1.5.6 NOTE
r-patched-linux-x86_64 1.5.6 1.90 21.33 23.23 NOTE
r-patched-solaris-x86 1.5.6 43.80 NOTE
r-release-linux-x86_64 1.5.6 1.68 21.18 22.86 NOTE
r-release-macos-arm64 1.5.6 NOTE
r-release-macos-x86_64 1.5.6 NOTE
r-release-windows-ix86+x86_64 1.5.6 4.00 32.00 36.00 NOTE
r-oldrel-macos-x86_64 1.5.6 NOTE
r-oldrel-windows-ix86+x86_64 1.5.6 4.00 29.00 33.00 NOTE

Check Details

Version: 1.5.6
Check: top-level files
Result: NOTE
    File
     LICENSE
    is not mentioned in the DESCRIPTION file.
Flavors: r-devel-linux-x86_64-debian-clang, r-devel-linux-x86_64-debian-gcc, r-devel-linux-x86_64-fedora-clang, r-devel-linux-x86_64-fedora-gcc, r-devel-windows-x86_64, r-devel-windows-x86_64-gcc10-UCRT, r-patched-linux-x86_64, r-patched-solaris-x86, r-release-linux-x86_64, r-release-macos-arm64, r-release-macos-x86_64, r-release-windows-ix86+x86_64, r-oldrel-macos-x86_64, r-oldrel-windows-ix86+x86_64

Version: 1.5.6
Check: R code for possible problems
Result: NOTE
    dummy: no visible global function definition for 'model.matrix'
    dummy: no visible global function definition for 'model.frame'
    Undefined global functions or variables:
     model.frame model.matrix
    Consider adding
     importFrom("stats", "model.frame", "model.matrix")
    to your NAMESPACE file.
Flavors: r-devel-linux-x86_64-debian-clang, r-devel-linux-x86_64-debian-gcc, r-devel-linux-x86_64-fedora-clang, r-devel-linux-x86_64-fedora-gcc, r-devel-windows-x86_64, r-devel-windows-x86_64-gcc10-UCRT, r-patched-linux-x86_64, r-patched-solaris-x86, r-release-linux-x86_64, r-release-macos-arm64, r-release-macos-x86_64, r-release-windows-ix86+x86_64, r-oldrel-macos-x86_64, r-oldrel-windows-ix86+x86_64

Version: 1.5.6
Check: Rd line widths
Result: NOTE
    Rd file 'dummy.Rd':
     \usage lines wider than 90 characters:
     dummy.data.frame(data, names = NULL, omit.constants=TRUE, dummy.classes = getOption("dummy.classes"), all = TRUE, ...)
    
    These lines will be truncated in the PDF manual.
Flavors: r-devel-linux-x86_64-debian-clang, r-devel-linux-x86_64-debian-gcc, r-devel-linux-x86_64-fedora-clang, r-devel-linux-x86_64-fedora-gcc, r-patched-linux-x86_64, r-release-linux-x86_64