CRAN Package Check Results for Package dumbbell

Last updated on 2021-06-14 07:48:35 CEST.

Flavor Version Tinstall Tcheck Ttotal Status Flags
r-devel-linux-x86_64-debian-clang 0.1 10.50 94.49 104.99 NOTE
r-devel-linux-x86_64-debian-gcc 0.1 8.64 69.31 77.95 NOTE
r-devel-linux-x86_64-fedora-clang 0.1 131.74 NOTE
r-devel-linux-x86_64-fedora-gcc 0.1 117.65 NOTE
r-devel-windows-x86_64 0.1 17.00 116.00 133.00 NOTE
r-devel-windows-x86_64-gcc10-UCRT 0.1 NOTE
r-patched-linux-x86_64 0.1 10.09 88.03 98.12 NOTE
r-patched-solaris-x86 0.1 172.10 NOTE
r-release-linux-x86_64 0.1 9.77 87.87 97.64 NOTE
r-release-macos-arm64 0.1 NOTE
r-release-macos-x86_64 0.1 NOTE
r-release-windows-ix86+x86_64 0.1 25.00 111.00 136.00 NOTE
r-oldrel-macos-x86_64 0.1 OK
r-oldrel-windows-ix86+x86_64 0.1 29.00 122.00 151.00 OK

Check Details

Version: 0.1
Check: LazyData
Result: NOTE
     'LazyData' is specified without a 'data' directory
Flavors: r-devel-linux-x86_64-debian-clang, r-devel-linux-x86_64-debian-gcc, r-devel-linux-x86_64-fedora-clang, r-devel-linux-x86_64-fedora-gcc, r-devel-windows-x86_64, r-devel-windows-x86_64-gcc10-UCRT, r-patched-linux-x86_64, r-patched-solaris-x86, r-release-linux-x86_64, r-release-macos-arm64, r-release-macos-x86_64, r-release-windows-ix86+x86_64