CRAN Package Check Results for Package drifter

Last updated on 2021-06-14 07:48:34 CEST.

Flavor Version Tinstall Tcheck Ttotal Status Flags
r-devel-linux-x86_64-debian-clang 0.2.1 4.67 95.25 99.92 NOTE
r-devel-linux-x86_64-debian-gcc 0.2.1 3.94 74.00 77.94 NOTE
r-devel-linux-x86_64-fedora-clang 0.2.1 123.94 NOTE
r-devel-linux-x86_64-fedora-gcc 0.2.1 113.98 NOTE
r-devel-windows-x86_64 0.2.1 9.00 89.00 98.00 NOTE
r-devel-windows-x86_64-gcc10-UCRT 0.2.1 NOTE
r-patched-linux-x86_64 0.2.1 4.80 90.82 95.62 NOTE
r-patched-solaris-x86 0.2.1 252.70 NOTE
r-release-linux-x86_64 0.2.1 3.02 89.89 92.91 NOTE
r-release-macos-arm64 0.2.1 NOTE
r-release-macos-x86_64 0.2.1 NOTE
r-release-windows-ix86+x86_64 0.2.1 16.00 71.00 87.00 NOTE
r-oldrel-macos-x86_64 0.2.1 OK
r-oldrel-windows-ix86+x86_64 0.2.1 15.00 87.00 102.00 OK

Check Details

Version: 0.2.1
Check: LazyData
Result: NOTE
     'LazyData' is specified without a 'data' directory
Flavors: r-devel-linux-x86_64-debian-clang, r-devel-linux-x86_64-debian-gcc, r-devel-linux-x86_64-fedora-clang, r-devel-linux-x86_64-fedora-gcc, r-devel-windows-x86_64, r-devel-windows-x86_64-gcc10-UCRT, r-patched-linux-x86_64, r-patched-solaris-x86, r-release-linux-x86_64, r-release-macos-arm64, r-release-macos-x86_64, r-release-windows-ix86+x86_64