CRAN Package Check Results for Package drawsample

Last updated on 2021-09-18 08:50:41 CEST.

Flavor Version Tinstall Tcheck Ttotal Status Flags
r-devel-linux-x86_64-debian-clang 1.0.0 11.37 109.82 121.19 OK
r-devel-linux-x86_64-debian-gcc 1.0.0 9.76 81.80 91.56 OK
r-devel-linux-x86_64-fedora-clang 1.0.0 155.35 NOTE
r-devel-linux-x86_64-fedora-gcc 1.0.0 143.79 NOTE
r-devel-windows-x86_64 1.0.0 11.00 113.00 124.00 OK
r-devel-windows-x86_64-gcc10-UCRT 1.0.0 NOTE
r-patched-linux-x86_64 1.0.0 12.82 104.72 117.54 OK
r-patched-solaris-x86 1.0.0 168.00 NOTE
r-release-linux-x86_64 1.0.0 9.74 103.53 113.27 OK
r-release-macos-arm64 1.0.0 NOTE
r-release-macos-x86_64 1.0.0 NOTE
r-release-windows-ix86+x86_64 1.0.0 24.00 91.00 115.00 OK
r-oldrel-macos-x86_64 1.0.0 NOTE
r-oldrel-windows-ix86+x86_64 1.0.0 33.00 115.00 148.00 OK

Check Details

Version: 1.0.0
Check: dependencies in R code
Result: NOTE
    Namespaces in Imports field not imported from:
     ‘magrittr’ ‘purrr’ ‘rlang’
     All declared Imports should be used.
Flavors: r-devel-linux-x86_64-fedora-clang, r-devel-linux-x86_64-fedora-gcc, r-devel-windows-x86_64-gcc10-UCRT, r-patched-solaris-x86, r-release-macos-arm64, r-release-macos-x86_64, r-oldrel-macos-x86_64

Version: 1.0.0
Check: Rd cross-references
Result: NOTE
    Undeclared package ‘SimMultiCorrData’ in Rd xrefs
Flavor: r-devel-linux-x86_64-fedora-clang