CRAN Package Check Results for Package dqrng

Last updated on 2021-12-02 08:51:08 CET.

Flavor Version Tinstall Tcheck Ttotal Status Flags
r-devel-linux-x86_64-debian-clang 0.3.0 26.22 132.15 158.37 OK
r-devel-linux-x86_64-debian-gcc 0.3.0 18.82 82.70 101.52 OK
r-devel-linux-x86_64-fedora-clang 0.3.0 222.06 NOTE
r-devel-linux-x86_64-fedora-gcc 0.3.0 189.05 OK
r-devel-windows-x86_64-new-UL 0.3.0 43.00 216.00 259.00 OK
r-devel-windows-x86_64-new-TK 0.3.0 OK
r-devel-windows-x86_64-old 0.3.0 38.00 138.00 176.00 OK
r-patched-linux-x86_64 0.3.0 21.66 127.51 149.17 OK
r-patched-solaris-x86 0.3.0 119.10 OK
r-release-linux-x86_64 0.3.0 24.14 123.90 148.04 OK
r-release-macos-arm64 0.3.0 OK
r-release-macos-x86_64 0.3.0 OK
r-release-windows-ix86+x86_64 0.3.0 69.00 237.00 306.00 OK
r-oldrel-macos-x86_64 0.3.0 OK
r-oldrel-windows-ix86+x86_64 0.3.0 71.00 233.00 304.00 OK

Check Details

Version: 0.3.0
Check: Rd cross-references
Result: NOTE
    Undeclared package ‘sitmo’ in Rd xrefs
Flavor: r-devel-linux-x86_64-fedora-clang