CRAN Package Check Results for Package dotCall64

Last updated on 2021-12-02 08:51:07 CET.

Flavor Version Tinstall Tcheck Ttotal Status Flags
r-devel-linux-x86_64-debian-clang 1.0-1 2.89 22.69 25.58 NOTE
r-devel-linux-x86_64-debian-gcc 1.0-1 2.48 17.40 19.88 NOTE
r-devel-linux-x86_64-fedora-clang 1.0-1 42.79 NOTE
r-devel-linux-x86_64-fedora-gcc 1.0-1 30.46 NOTE
r-devel-windows-x86_64-new-UL 1.0-1 15.00 62.00 77.00 NOTE
r-devel-windows-x86_64-new-TK 1.0-1 NOTE
r-devel-windows-x86_64-old 1.0-1 8.00 35.00 43.00 OK
r-patched-linux-x86_64 1.0-1 3.13 20.43 23.56 NOTE
r-patched-solaris-x86 1.0-1 49.80 NOTE
r-release-linux-x86_64 1.0-1 2.63 20.89 23.52 NOTE
r-release-macos-arm64 1.0-1 OK
r-release-macos-x86_64 1.0-1 OK
r-release-windows-ix86+x86_64 1.0-1 12.00 50.00 62.00 OK
r-oldrel-macos-x86_64 1.0-1 OK
r-oldrel-windows-ix86+x86_64 1.0-1 35.00 49.00 84.00 OK

Check Details

Version: 1.0-1
Check: package dependencies
Result: NOTE
    Package suggested but not available for checking: 'OpenMPController'
Flavors: r-devel-linux-x86_64-debian-clang, r-devel-linux-x86_64-debian-gcc, r-devel-linux-x86_64-fedora-clang, r-devel-linux-x86_64-fedora-gcc, r-devel-windows-x86_64-new-UL, r-devel-windows-x86_64-new-TK, r-patched-linux-x86_64, r-patched-solaris-x86, r-release-linux-x86_64