CRAN Package Check Results for Package doremi

Last updated on 2021-05-10 07:48:10 CEST.

Flavor Version Tinstall Tcheck Ttotal Status Flags
r-devel-linux-x86_64-debian-clang 1.0.0 12.20 287.31 299.51 OK
r-devel-linux-x86_64-debian-gcc 1.0.0 11.51 200.13 211.64 OK
r-devel-linux-x86_64-fedora-clang 1.0.0 347.46 NOTE
r-devel-linux-x86_64-fedora-gcc 1.0.0 336.23 NOTE
r-devel-windows-ix86+x86_64 1.0.0 30.00 313.00 343.00 OK
r-devel-windows-x86_64-gcc10-UCRT 1.0.0 NOTE
r-patched-linux-x86_64 1.0.0 12.11 257.50 269.61 OK
r-patched-solaris-x86 1.0.0 431.20 NOTE
r-release-linux-x86_64 1.0.0 13.01 255.44 268.45 OK
r-release-macos-x86_64 1.0.0 NOTE
r-release-windows-ix86+x86_64 1.0.0 24.00 241.00 265.00 OK
r-oldrel-macos-x86_64 1.0.0 NOTE
r-oldrel-windows-ix86+x86_64 1.0.0 26.00 321.00 347.00 OK

Check Details

Version: 1.0.0
Check: dependencies in R code
Result: NOTE
    Namespace in Imports field not imported from: ‘gridExtra’
     All declared Imports should be used.
Flavors: r-devel-linux-x86_64-fedora-clang, r-devel-linux-x86_64-fedora-gcc, r-devel-windows-x86_64-gcc10-UCRT, r-patched-solaris-x86, r-release-macos-x86_64, r-oldrel-macos-x86_64