CRAN Package Check Results for Package dodgr

Last updated on 2021-09-18 08:50:41 CEST.

Flavor Version Tinstall Tcheck Ttotal Status Flags
r-devel-linux-x86_64-debian-clang 0.2.9 161.91 226.66 388.57 NOTE
r-devel-linux-x86_64-debian-gcc 0.2.9 119.83 171.38 291.21 NOTE
r-devel-linux-x86_64-fedora-clang 0.2.9 535.50 NOTE
r-devel-linux-x86_64-fedora-gcc 0.2.9 490.66 NOTE
r-devel-windows-x86_64 0.2.9 138.00 248.00 386.00 NOTE
r-devel-windows-x86_64-gcc10-UCRT 0.2.9 NOTE
r-patched-linux-x86_64 0.2.9 132.55 218.38 350.93 NOTE
r-patched-solaris-x86 0.2.9 572.70 NOTE
r-release-linux-x86_64 0.2.9 134.67 216.31 350.98 ERROR
r-release-macos-arm64 0.2.9 NOTE
r-release-macos-x86_64 0.2.9 NOTE
r-release-windows-ix86+x86_64 0.2.9 356.00 313.00 669.00 NOTE
r-oldrel-macos-x86_64 0.2.9 NOTE
r-oldrel-windows-ix86+x86_64 0.2.9 370.00 399.00 769.00 NOTE

Check Details

Version: 0.2.9
Check: for GNU extensions in Makefiles
Result: NOTE
    GNU make is a SystemRequirements.
Flavors: r-devel-linux-x86_64-debian-clang, r-devel-linux-x86_64-debian-gcc, r-devel-linux-x86_64-fedora-clang, r-devel-linux-x86_64-fedora-gcc, r-devel-windows-x86_64, r-devel-windows-x86_64-gcc10-UCRT, r-patched-linux-x86_64, r-patched-solaris-x86, r-release-linux-x86_64, r-release-macos-arm64, r-release-macos-x86_64, r-release-windows-ix86+x86_64, r-oldrel-macos-x86_64, r-oldrel-windows-ix86+x86_64

Version: 0.2.9
Check: installed package size
Result: NOTE
     installed size is 15.0Mb
     sub-directories of 1Mb or more:
     doc 4.7Mb
     libs 9.8Mb
Flavors: r-devel-linux-x86_64-fedora-clang, r-devel-windows-x86_64, r-patched-solaris-x86, r-release-macos-arm64, r-release-macos-x86_64, r-release-windows-ix86+x86_64, r-oldrel-macos-x86_64, r-oldrel-windows-ix86+x86_64

Version: 0.2.9
Check: tests
Result: ERROR
     Running ‘sc-conversion-fns.R’ [0s/0s]
     Running ‘testthat.R’ [52s/52s]
    Running the tests in ‘tests/testthat.R’ failed.
    Complete output:
     > library(testthat)
     > library(dodgr)
     >
     > test_check("dodgr")
     ══ Skipped tests ═══════════════════════════════════════════════════════════════
     • !test_all is TRUE (1)
     • On CRAN (7)
    
     ══ Failed tests ════════════════════════════════════════════════════════════════
     ── Error (test-streetnet.R:173:16): hash generation ────────────────────────────
     Error: error reading from connection
     Backtrace:
     █
     1. └─dodgr::dodgr_contract_graph(graph) test-streetnet.R:173:15
     2. └─dodgr::dodgr_vertices(graph)
     3. └─base::readRDS(fname)
    
     [ FAIL 1 | WARN 0 | SKIP 8 | PASS 168 ]
     Error: Test failures
     Execution halted
Flavor: r-release-linux-x86_64