CRAN Package Check Results for Package doc2concrete

Last updated on 2021-10-18 07:49:39 CEST.

Flavor Version Tinstall Tcheck Ttotal Status Flags
r-devel-linux-x86_64-debian-clang 0.5.4 8.93 92.00 100.93 OK
r-devel-linux-x86_64-debian-gcc 0.5.4 7.24 72.21 79.45 OK
r-devel-linux-x86_64-fedora-clang 0.5.4 134.46 OK
r-devel-linux-x86_64-fedora-gcc 0.5.4 121.50 OK
r-devel-windows-x86_64 0.5.4 14.00 121.00 135.00 OK
r-devel-windows-x86_64-gcc10-UCRT 0.5.4 OK
r-patched-linux-x86_64 0.5.4 8.18 90.56 98.74 OK
r-patched-solaris-x86 0.5.4 179.60 OK
r-release-linux-x86_64 0.5.4 8.00 89.92 97.92 OK
r-release-macos-arm64 0.5.4 OK
r-release-macos-x86_64 0.5.4 OK
r-release-windows-ix86+x86_64 0.5.4 19.00 127.00 146.00 OK
r-oldrel-macos-x86_64 0.5.4 WARN
r-oldrel-windows-ix86+x86_64 0.5.4 20.00 123.00 143.00 OK

Check Details

Version: 0.5.4
Check: for missing documentation entries
Result: WARN
    Warning in .recacheSubclasses(def@className, def, env) :
     undefined subclass "numericVector" of class "Mnumeric"; definition not updated
    All user-level objects in a package should have documentation entries.
    See chapter ‘Writing R documentation files’ in the ‘Writing R
    Extensions’ manual.
Flavor: r-oldrel-macos-x86_64