CRAN Package Check Results for Package div

Last updated on 2022-01-26 07:52:41 CET.

Flavor Version Tinstall Tcheck Ttotal Status Flags
r-devel-linux-x86_64-debian-clang 0.3.1 14.02 99.99 114.01 OK
r-devel-linux-x86_64-debian-gcc 0.3.1 8.64 75.33 83.97 OK
r-devel-linux-x86_64-fedora-clang 0.3.1 125.63 NOTE
r-devel-linux-x86_64-fedora-gcc 0.3.1 118.98 NOTE
r-devel-windows-x86_64-new-UL 0.3.1 96.00 111.00 207.00 OK
r-devel-windows-x86_64-new-TK 0.3.1 NOTE
r-patched-linux-x86_64 0.3.1 9.91 89.31 99.22 OK
r-release-linux-x86_64 0.3.1 7.75 88.39 96.14 OK
r-release-macos-arm64 0.3.1 NOTE
r-release-macos-x86_64 0.3.1 NOTE
r-release-windows-ix86+x86_64 0.3.1 25.00 105.00 130.00 OK
r-oldrel-macos-x86_64 0.3.1 NOTE
r-oldrel-windows-ix86+x86_64 0.3.1 26.00 108.00 134.00 OK

Check Details

Version: 0.3.1
Check: dependencies in R code
Result: NOTE
    Namespaces in Imports field not imported from:
     ‘gridExtra’ ‘plotly’ ‘pryr’ ‘rpart’
     All declared Imports should be used.
Flavors: r-devel-linux-x86_64-fedora-clang, r-devel-linux-x86_64-fedora-gcc, r-devel-windows-x86_64-new-TK, r-release-macos-arm64, r-release-macos-x86_64, r-oldrel-macos-x86_64