CRAN Package Check Results for Package dimRed

Last updated on 2021-06-24 07:50:08 CEST.

Flavor Version Tinstall Tcheck Ttotal Status Flags
r-devel-linux-x86_64-debian-clang 0.2.3 23.72 293.83 317.55 NOTE
r-devel-linux-x86_64-debian-gcc 0.2.3 16.93 216.30 233.23 NOTE
r-devel-linux-x86_64-fedora-clang 0.2.3 365.99 NOTE
r-devel-linux-x86_64-fedora-gcc 0.2.3 370.93 NOTE
r-devel-windows-x86_64 0.2.3 30.00 319.00 349.00 NOTE
r-devel-windows-x86_64-gcc10-UCRT 0.2.3 NOTE
r-patched-linux-x86_64 0.2.3 20.20 278.89 299.09 NOTE
r-patched-solaris-x86 0.2.3 492.00 NOTE
r-release-linux-x86_64 0.2.3 18.21 275.88 294.09 NOTE
r-release-macos-arm64 0.2.3 NOTE
r-release-macos-x86_64 0.2.3 NOTE
r-release-windows-ix86+x86_64 0.2.3 30.00 253.00 283.00 NOTE
r-oldrel-macos-x86_64 0.2.3 NOTE

Check Details

Version: 0.2.3
Check: LazyData
Result: NOTE
     'LazyData' is specified without a 'data' directory
Flavors: r-devel-linux-x86_64-debian-clang, r-devel-linux-x86_64-debian-gcc, r-devel-linux-x86_64-fedora-clang, r-devel-linux-x86_64-fedora-gcc, r-devel-windows-x86_64, r-devel-windows-x86_64-gcc10-UCRT, r-patched-linux-x86_64, r-patched-solaris-x86, r-release-linux-x86_64, r-release-macos-arm64, r-release-macos-x86_64, r-release-windows-ix86+x86_64

Version: 0.2.3
Check: Rd cross-references
Result: NOTE
    Undeclared package ‘CVST’ in Rd xrefs
Flavor: r-devel-linux-x86_64-fedora-clang

Version: 0.2.3
Check: package dependencies
Result: NOTE
    Package suggested but not available for checking: ‘pcaL1’
Flavors: r-release-macos-arm64, r-release-macos-x86_64, r-oldrel-macos-x86_64