CRAN Package Check Results for Package diffman

Last updated on 2021-08-02 07:51:43 CEST.

Flavor Version Tinstall Tcheck Ttotal Status Flags
r-devel-linux-x86_64-debian-clang 0.1.1 24.97 78.18 103.15 OK
r-devel-linux-x86_64-debian-gcc 0.1.1 18.29 58.02 76.31 OK
r-devel-linux-x86_64-fedora-clang 0.1.1 138.68 NOTE
r-devel-linux-x86_64-fedora-gcc 0.1.1 119.90 NOTE
r-devel-windows-x86_64 0.1.1 55.00 101.00 156.00 OK
r-devel-windows-x86_64-gcc10-UCRT 0.1.1 NOTE
r-patched-linux-x86_64 0.1.1 OK
r-patched-solaris-x86 0.1.1 161.70 NOTE
r-release-linux-x86_64 0.1.1 22.04 72.66 94.70 OK
r-release-macos-arm64 0.1.1 NOTE
r-release-macos-x86_64 0.1.1 NOTE
r-release-windows-ix86+x86_64 0.1.1 60.00 107.00 167.00 OK
r-oldrel-macos-x86_64 0.1.1 NOTE
r-oldrel-windows-ix86+x86_64 0.1.1 56.00 151.00 207.00 OK

Check Details

Version: 0.1.1
Check: dependencies in R code
Result: NOTE
    Namespaces in Imports field not imported from:
     ‘dplyr’ ‘sf’ ‘tidyverse’
     All declared Imports should be used.
Flavors: r-devel-linux-x86_64-fedora-clang, r-devel-linux-x86_64-fedora-gcc, r-devel-windows-x86_64-gcc10-UCRT, r-patched-solaris-x86, r-release-macos-arm64, r-release-macos-x86_64, r-oldrel-macos-x86_64