CRAN Package Check Results for Package diagis

Last updated on 2021-09-19 07:50:13 CEST.

Flavor Version Tinstall Tcheck Ttotal Status Flags
r-devel-linux-x86_64-debian-clang 0.1.5 61.29 72.63 133.92 OK
r-devel-linux-x86_64-debian-gcc 0.1.5 42.44 54.59 97.03 OK
r-devel-linux-x86_64-fedora-clang 0.1.5 186.31 OK
r-devel-linux-x86_64-fedora-gcc 0.1.5 165.66 OK
r-devel-windows-x86_64 0.1.5 56.00 106.00 162.00 OK
r-devel-windows-x86_64-gcc10-UCRT 0.1.5 ERROR
r-patched-linux-x86_64 0.1.5 51.24 66.98 118.22 OK
r-patched-solaris-x86 0.1.5 168.90 OK
r-release-linux-x86_64 0.1.5 46.35 67.13 113.48 OK
r-release-macos-arm64 0.1.5 NOTE
r-release-macos-x86_64 0.1.5 OK
r-release-windows-ix86+x86_64 0.1.5 142.00 106.00 248.00 OK
r-oldrel-macos-x86_64 0.1.5 OK
r-oldrel-windows-ix86+x86_64 0.1.5 149.00 137.00 286.00 OK

Check Details

Version: 0.1.5
Check: whether package can be installed
Result: ERROR
    Installation failed.
Flavor: r-devel-windows-x86_64-gcc10-UCRT

Version: 0.1.5
Check: installed package size
Result: NOTE
     installed size is 5.0Mb
     sub-directories of 1Mb or more:
     doc 2.2Mb
     libs 2.7Mb
Flavor: r-release-macos-arm64