CRAN Package Check Results for Package descriptr

Last updated on 2021-06-14 07:48:34 CEST.

Flavor Version Tinstall Tcheck Ttotal Status Flags
r-devel-linux-x86_64-debian-clang 0.5.2 5.73 103.17 108.90 OK
r-devel-linux-x86_64-debian-gcc 0.5.2 3.82 75.21 79.03 OK
r-devel-linux-x86_64-fedora-clang 0.5.2 132.61 OK
r-devel-linux-x86_64-fedora-gcc 0.5.2 123.28 OK
r-devel-windows-x86_64 0.5.2 10.00 132.00 142.00 OK
r-devel-windows-x86_64-gcc10-UCRT 0.5.2 NOTE
r-patched-linux-x86_64 0.5.2 5.90 95.85 101.75 OK
r-patched-solaris-x86 0.5.2 157.20 OK
r-release-linux-x86_64 0.5.2 4.32 96.18 100.50 OK
r-release-macos-arm64 0.5.2 OK
r-release-macos-x86_64 0.5.2 OK
r-release-windows-ix86+x86_64 0.5.2 11.00 131.00 142.00 OK
r-oldrel-macos-x86_64 0.5.2 OK
r-oldrel-windows-ix86+x86_64 0.5.2 11.00 142.00 153.00 OK

Check Details

Version: 0.5.2
Check: package dependencies
Result: NOTE
    Package suggested but not available for checking: 'vdiffr'
Flavor: r-devel-windows-x86_64-gcc10-UCRT