CRAN Package Check Results for Package desc

Last updated on 2021-09-26 07:50:04 CEST.

Flavor Version Tinstall Tcheck Ttotal Status Flags
r-devel-linux-x86_64-debian-clang 1.3.0 5.02 43.76 48.78 ERROR
r-devel-linux-x86_64-debian-gcc 1.3.0 4.16 33.55 37.71 ERROR
r-devel-linux-x86_64-fedora-clang 1.3.0 66.83 ERROR
r-devel-linux-x86_64-fedora-gcc 1.3.0 69.38 ERROR
r-devel-windows-x86_64 1.3.0 7.00 46.00 53.00 ERROR
r-devel-windows-x86_64-gcc10-UCRT 1.3.0 ERROR
r-patched-linux-x86_64 1.3.0 6.28 42.03 48.31 NOTE
r-patched-solaris-x86 1.3.0 77.90 NOTE
r-release-linux-x86_64 1.3.0 5.01 41.56 46.57 NOTE
r-release-macos-arm64 1.3.0 NOTE
r-release-macos-x86_64 1.3.0 NOTE
r-release-windows-ix86+x86_64 1.3.0 11.00 48.00 59.00 NOTE
r-oldrel-macos-x86_64 1.3.0 OK
r-oldrel-windows-ix86+x86_64 1.3.0 7.00 42.00 49.00 OK

Check Details

Version: 1.3.0
Check: LazyData
Result: NOTE
     'LazyData' is specified without a 'data' directory
Flavors: r-devel-linux-x86_64-debian-clang, r-devel-linux-x86_64-debian-gcc, r-devel-linux-x86_64-fedora-clang, r-devel-linux-x86_64-fedora-gcc, r-devel-windows-x86_64, r-devel-windows-x86_64-gcc10-UCRT, r-patched-linux-x86_64, r-patched-solaris-x86, r-release-linux-x86_64, r-release-macos-arm64, r-release-macos-x86_64, r-release-windows-ix86+x86_64

Version: 1.3.0
Check: tests
Result: ERROR
     Running 'spelling.R' [0s/0s]
     Running 'testthat.R' [7s/8s]
    Running the tests in 'tests/testthat.R' failed.
    Complete output:
     > library(testthat)
     > library(desc)
     >
     > test_check("desc", reporter = "summary")
     archives:
     Package archives: .....................................
     assertions:
     Assertions: .......
     authors:
     Authors: ......................................
     built:
     BUILT: ..
     checks:
     Syntax checks: .................................................
     collate:
     Collate API: ..............................
     create:
     Constructors: ................................
     deps:
     Dependencies: ........................................
     desc:
     desc: .
     encoding:
     Encoding: ...........
     idempotent:
     Nice behavior: ...
     non-oo:
     Non OO API: ................................
     queries:
     Queries: .............................
     read:
     DCF reader: .......12
     remotes:
     REMOTE: .........
     repair:
     repair: ..........
     str:
     Formatting: .......
     to_latex:
     to_latex: .
     trailing-ws:
     Absense of trailing WS is kept: .....
     urls:
     URL: .........
     utils:
     Utility functions: ............................
     validation:
     Validation: .
     versions:
     Version: ................................
     write:
     Write: ....
    
     == Failed ======================================================================
     -- 1. Failure (test-read.R:35:3): Empty DESCRIPTION ----------------------------
     `description$new(text = "")` threw an error.
     Message: is.character(keys) is not TRUE
     Class: simpleError/error/condition
     Backtrace:
     1. testthat::expect_error(description$new(text = ""), NA) test-read.R:35:2
     6. description$new(text = "")
     7. desc:::initialize(...)
     8. desc:::idesc_create(self, private, cmd, file, text, package)
     9. desc:::idesc_create_text(self, private, text)
     10. desc:::check_encoding(self, private, NULL)
     12. self$get(self$fields())
     13. desc:::idesc_get(self, private, keys)
     14. base::stopifnot(is.character(keys), has_no_na(keys))
    
     -- 2. Failure (test-read.R:36:3): Empty DESCRIPTION ----------------------------
     `description$new(text = character())` threw an error.
     Message: is.character(keys) is not TRUE
     Class: simpleError/error/condition
     Backtrace:
     1. testthat::expect_error(description$new(text = character()), NA) test-read.R:36:2
     6. description$new(text = character())
     7. desc:::initialize(...)
     8. desc:::idesc_create(self, private, cmd, file, text, package)
     9. desc:::idesc_create_text(self, private, text)
     10. desc:::check_encoding(self, private, NULL)
     12. self$get(self$fields())
     13. desc:::idesc_get(self, private, keys)
     14. base::stopifnot(is.character(keys), has_no_na(keys))
    
     == DONE ========================================================================
     Error: Test failures
     Execution halted
Flavor: r-devel-linux-x86_64-debian-clang

Version: 1.3.0
Check: tests
Result: ERROR
     Running ‘spelling.R’ [0s/1s]
     Running ‘testthat.R’ [5s/8s]
    Running the tests in ‘tests/testthat.R’ failed.
    Complete output:
     > library(testthat)
     > library(desc)
     >
     > test_check("desc", reporter = "summary")
     archives:
     Package archives: .....................................
     assertions:
     Assertions: .......
     authors:
     Authors: ......................................
     built:
     BUILT: ..
     checks:
     Syntax checks: .................................................
     collate:
     Collate API: ..............................
     create:
     Constructors: ................................
     deps:
     Dependencies: ........................................
     desc:
     desc: .
     encoding:
     Encoding: ...........
     idempotent:
     Nice behavior: ...
     non-oo:
     Non OO API: ................................
     queries:
     Queries: .............................
     read:
     DCF reader: .......12
     remotes:
     REMOTE: .........
     repair:
     repair: ..........
     str:
     Formatting: .......
     to_latex:
     to_latex: .
     trailing-ws:
     Absense of trailing WS is kept: .....
     urls:
     URL: .........
     utils:
     Utility functions: ............................
     validation:
     Validation: .
     versions:
     Version: ................................
     write:
     Write: ....
    
     ══ Failed ══════════════════════════════════════════════════════════════════════
     ── 1. Failure (test-read.R:35:3): Empty DESCRIPTION ────────────────────────────
     `description$new(text = "")` threw an error.
     Message: is.character(keys) is not TRUE
     Class: simpleError/error/condition
     Backtrace:
     1. testthat::expect_error(description$new(text = ""), NA) test-read.R:35:2
     6. description$new(text = "")
     7. desc:::initialize(...)
     8. desc:::idesc_create(self, private, cmd, file, text, package)
     9. desc:::idesc_create_text(self, private, text)
     10. desc:::check_encoding(self, private, NULL)
     12. self$get(self$fields())
     13. desc:::idesc_get(self, private, keys)
     14. base::stopifnot(is.character(keys), has_no_na(keys))
    
     ── 2. Failure (test-read.R:36:3): Empty DESCRIPTION ────────────────────────────
     `description$new(text = character())` threw an error.
     Message: is.character(keys) is not TRUE
     Class: simpleError/error/condition
     Backtrace:
     1. testthat::expect_error(description$new(text = character()), NA) test-read.R:36:2
     6. description$new(text = character())
     7. desc:::initialize(...)
     8. desc:::idesc_create(self, private, cmd, file, text, package)
     9. desc:::idesc_create_text(self, private, text)
     10. desc:::check_encoding(self, private, NULL)
     12. self$get(self$fields())
     13. desc:::idesc_get(self, private, keys)
     14. base::stopifnot(is.character(keys), has_no_na(keys))
    
     ══ DONE ════════════════════════════════════════════════════════════════════════
     Keep trying!
     Error: Test failures
     Execution halted
Flavor: r-devel-linux-x86_64-debian-gcc

Version: 1.3.0
Check: tests
Result: ERROR
     Running ‘spelling.R’
     Running ‘testthat.R’
    Running the tests in ‘tests/testthat.R’ failed.
    Complete output:
     > library(testthat)
     > library(desc)
     >
     > test_check("desc", reporter = "summary")
     archives:
     Package archives: .....................................
     assertions:
     Assertions: .......
     authors:
     Authors: ......................................
     built:
     BUILT: ..
     checks:
     Syntax checks: .................................................
     collate:
     Collate API: ..............................
     create:
     Constructors: ................................
     deps:
     Dependencies: ........................................
     desc:
     desc: .
     encoding:
     Encoding: ...........
     idempotent:
     Nice behavior: ...
     non-oo:
     Non OO API: ................................
     queries:
     Queries: .............................
     read:
     DCF reader: .......12
     remotes:
     REMOTE: .........
     repair:
     repair: ..........
     str:
     Formatting: .......
     to_latex:
     to_latex: .
     trailing-ws:
     Absense of trailing WS is kept: .....
     urls:
     URL: .........
     utils:
     Utility functions: ............................
     validation:
     Validation: .
     versions:
     Version: ................................
     write:
     Write: ....
    
     ══ Failed ══════════════════════════════════════════════════════════════════════
     ── 1. Failure (test-read.R:35:3): Empty DESCRIPTION ────────────────────────────
     `description$new(text = "")` threw an error.
     Message: is.character(keys) is not TRUE
     Class: simpleError/error/condition
     Backtrace:
     1. testthat::expect_error(description$new(text = ""), NA) test-read.R:35:2
     6. description$new(text = "")
     7. desc:::initialize(...)
     8. desc:::idesc_create(self, private, cmd, file, text, package)
     9. desc:::idesc_create_text(self, private, text)
     10. desc:::check_encoding(self, private, NULL)
     12. self$get(self$fields())
     13. desc:::idesc_get(self, private, keys)
     14. base::stopifnot(is.character(keys), has_no_na(keys))
    
     ── 2. Failure (test-read.R:36:3): Empty DESCRIPTION ────────────────────────────
     `description$new(text = character())` threw an error.
     Message: is.character(keys) is not TRUE
     Class: simpleError/error/condition
     Backtrace:
     1. testthat::expect_error(description$new(text = character()), NA) test-read.R:36:2
     6. description$new(text = character())
     7. desc:::initialize(...)
     8. desc:::idesc_create(self, private, cmd, file, text, package)
     9. desc:::idesc_create_text(self, private, text)
     10. desc:::check_encoding(self, private, NULL)
     12. self$get(self$fields())
     13. desc:::idesc_get(self, private, keys)
     14. base::stopifnot(is.character(keys), has_no_na(keys))
    
     ══ DONE ════════════════════════════════════════════════════════════════════════
     Error: Test failures
     Execution halted
Flavors: r-devel-linux-x86_64-fedora-clang, r-devel-windows-x86_64-gcc10-UCRT

Version: 1.3.0
Check: tests
Result: ERROR
     Running ‘spelling.R’
     Running ‘testthat.R’ [21s/24s]
    Running the tests in ‘tests/testthat.R’ failed.
    Complete output:
     > library(testthat)
     > library(desc)
     >
     > test_check("desc", reporter = "summary")
     archives:
     Package archives: .....................................
     assertions:
     Assertions: .......
     authors:
     Authors: ......................................
     built:
     BUILT: ..
     checks:
     Syntax checks: .................................................
     collate:
     Collate API: ..............................
     create:
     Constructors: ................................
     deps:
     Dependencies: ........................................
     desc:
     desc: .
     encoding:
     Encoding: ...........
     idempotent:
     Nice behavior: ...
     non-oo:
     Non OO API: ................................
     queries:
     Queries: .............................
     read:
     DCF reader: .......12
     remotes:
     REMOTE: .........
     repair:
     repair: ..........
     str:
     Formatting: .......
     to_latex:
     to_latex: .
     trailing-ws:
     Absense of trailing WS is kept: .....
     urls:
     URL: .........
     utils:
     Utility functions: ............................
     validation:
     Validation: .
     versions:
     Version: ................................
     write:
     Write: ....
    
     ══ Failed ══════════════════════════════════════════════════════════════════════
     ── 1. Failure (test-read.R:35:3): Empty DESCRIPTION ────────────────────────────
     `description$new(text = "")` threw an error.
     Message: is.character(keys) is not TRUE
     Class: simpleError/error/condition
     Backtrace:
     1. testthat::expect_error(description$new(text = ""), NA) test-read.R:35:2
     6. description$new(text = "")
     7. desc:::initialize(...)
     8. desc:::idesc_create(self, private, cmd, file, text, package)
     9. desc:::idesc_create_text(self, private, text)
     10. desc:::check_encoding(self, private, NULL)
     12. self$get(self$fields())
     13. desc:::idesc_get(self, private, keys)
     14. base::stopifnot(is.character(keys), has_no_na(keys))
    
     ── 2. Failure (test-read.R:36:3): Empty DESCRIPTION ────────────────────────────
     `description$new(text = character())` threw an error.
     Message: is.character(keys) is not TRUE
     Class: simpleError/error/condition
     Backtrace:
     1. testthat::expect_error(description$new(text = character()), NA) test-read.R:36:2
     6. description$new(text = character())
     7. desc:::initialize(...)
     8. desc:::idesc_create(self, private, cmd, file, text, package)
     9. desc:::idesc_create_text(self, private, text)
     10. desc:::check_encoding(self, private, NULL)
     12. self$get(self$fields())
     13. desc:::idesc_get(self, private, keys)
     14. base::stopifnot(is.character(keys), has_no_na(keys))
    
     ══ DONE ════════════════════════════════════════════════════════════════════════
     Error: Test failures
     Execution halted
Flavor: r-devel-linux-x86_64-fedora-gcc

Version: 1.3.0
Check: tests
Result: ERROR
     Running 'spelling.R' [0s]
     Running 'testthat.R' [7s]
    Running the tests in 'tests/testthat.R' failed.
    Complete output:
     > library(testthat)
     > library(desc)
     >
     > test_check("desc", reporter = "summary")
     archives:
     Package archives: .....................................
     assertions:
     Assertions: .......
     authors:
     Authors: ......................................
     built:
     BUILT: ..
     checks:
     Syntax checks: .................................................
     collate:
     Collate API: ..............................
     create:
     Constructors: ................................
     deps:
     Dependencies: ........................................
     desc:
     desc: .
     encoding:
     Encoding: ...........
     idempotent:
     Nice behavior: ...
     non-oo:
     Non OO API: ................................
     queries:
     Queries: .............................
     read:
     DCF reader: .......12
     remotes:
     REMOTE: .........
     repair:
     repair: ..........
     str:
     Formatting: .......
     to_latex:
     to_latex: .
     trailing-ws:
     Absense of trailing WS is kept: .....
     urls:
     URL: .........
     utils:
     Utility functions: ............................
     validation:
     Validation: .
     versions:
     Version: ................................
     write:
     Write: ....
    
     == Failed ======================================================================
     -- 1. Failure (test-read.R:35:3): Empty DESCRIPTION ----------------------------
     `description$new(text = "")` threw an error.
     Message: is.character(keys) is not TRUE
     Class: simpleError/error/condition
     Backtrace:
     1. testthat::expect_error(description$new(text = ""), NA) test-read.R:35:2
     6. description$new(text = "")
     7. desc:::initialize(...)
     8. desc:::idesc_create(self, private, cmd, file, text, package)
     9. desc:::idesc_create_text(self, private, text)
     10. desc:::check_encoding(self, private, NULL)
     12. self$get(self$fields())
     13. desc:::idesc_get(self, private, keys)
     14. base::stopifnot(is.character(keys), has_no_na(keys))
    
     -- 2. Failure (test-read.R:36:3): Empty DESCRIPTION ----------------------------
     `description$new(text = character())` threw an error.
     Message: is.character(keys) is not TRUE
     Class: simpleError/error/condition
     Backtrace:
     1. testthat::expect_error(description$new(text = character()), NA) test-read.R:36:2
     6. description$new(text = character())
     7. desc:::initialize(...)
     8. desc:::idesc_create(self, private, cmd, file, text, package)
     9. desc:::idesc_create_text(self, private, text)
     10. desc:::check_encoding(self, private, NULL)
     12. self$get(self$fields())
     13. desc:::idesc_get(self, private, keys)
     14. base::stopifnot(is.character(keys), has_no_na(keys))
    
     == DONE ========================================================================
     I believe in you!
     Error: Test failures
     Execution halted
Flavor: r-devel-windows-x86_64