CRAN Package Check Results for Package derivmkts

Last updated on 2021-06-14 07:48:34 CEST.

Flavor Version Tinstall Tcheck Ttotal Status Flags
r-devel-linux-x86_64-debian-clang 0.2.4 4.62 58.22 62.84 NOTE
r-devel-linux-x86_64-debian-gcc 0.2.4 3.11 44.71 47.82 NOTE
r-devel-linux-x86_64-fedora-clang 0.2.4 84.10 NOTE
r-devel-linux-x86_64-fedora-gcc 0.2.4 72.45 NOTE
r-devel-windows-x86_64 0.2.4 8.00 97.00 105.00 NOTE
r-devel-windows-x86_64-gcc10-UCRT 0.2.4 NOTE
r-patched-linux-x86_64 0.2.4 4.34 56.20 60.54 NOTE
r-patched-solaris-x86 0.2.4 82.80 NOTE
r-release-linux-x86_64 0.2.4 3.78 56.00 59.78 NOTE
r-release-macos-arm64 0.2.4 NOTE
r-release-macos-x86_64 0.2.4 NOTE
r-release-windows-ix86+x86_64 0.2.4 8.00 85.00 93.00 NOTE
r-oldrel-macos-x86_64 0.2.4 OK
r-oldrel-windows-ix86+x86_64 0.2.4 8.00 93.00 101.00 OK

Check Details

Version: 0.2.4
Check: LazyData
Result: NOTE
     'LazyData' is specified without a 'data' directory
Flavors: r-devel-linux-x86_64-debian-clang, r-devel-linux-x86_64-debian-gcc, r-devel-linux-x86_64-fedora-clang, r-devel-linux-x86_64-fedora-gcc, r-devel-windows-x86_64, r-devel-windows-x86_64-gcc10-UCRT, r-patched-linux-x86_64, r-patched-solaris-x86, r-release-linux-x86_64, r-release-macos-arm64, r-release-macos-x86_64, r-release-windows-ix86+x86_64