CRAN Package Check Results for Package depth

Last updated on 2021-05-08 07:48:04 CEST.

Flavor Version Tinstall Tcheck Ttotal Status Flags
r-devel-linux-x86_64-debian-clang 2.1-1.1 12.36 65.86 78.22 OK
r-devel-linux-x86_64-debian-gcc 2.1-1.1 9.79 50.12 59.91 OK
r-devel-linux-x86_64-fedora-clang 2.1-1.1 104.08 NOTE
r-devel-linux-x86_64-fedora-gcc 2.1-1.1 93.73 NOTE
r-devel-windows-ix86+x86_64 2.1-1.1 44.00 122.00 166.00 OK
r-devel-windows-x86_64-gcc10-UCRT 2.1-1.1 OK
r-patched-linux-x86_64 2.1-1.1 12.93 64.97 77.90 OK
r-patched-solaris-x86 2.1-1.1 133.70 OK
r-release-linux-x86_64 2.1-1.1 12.27 63.68 75.95 OK
r-release-macos-x86_64 2.1-1.1 OK
r-release-windows-ix86+x86_64 2.1-1.1 21.00 87.00 108.00 OK
r-oldrel-macos-x86_64 2.1-1.1 WARN

Check Details

Version: 2.1-1.1
Check: compiled code
Result: NOTE
    File ‘depth/libs/depth.so’:
     Found no calls to: ‘R_registerRoutines’, ‘R_useDynamicSymbols’
    
    It is good practice to register native routines and to disable symbol
    search.
    
    See ‘Writing portable packages’ in the ‘Writing R Extensions’ manual.
Flavors: r-devel-linux-x86_64-fedora-clang, r-devel-linux-x86_64-fedora-gcc

Version: 2.1-1.1
Check: whether package can be installed
Result: WARN
    Found the following significant warnings:
     Warning: 'rgl_init' failed, running with rgl.useNULL = TRUE
Flavor: r-oldrel-macos-x86_64

Version: 2.1-1.1
Check: dependencies in R code
Result: NOTE
    No protocol specified
Flavor: r-oldrel-macos-x86_64

Version: 2.1-1.1
Check: S3 generic/method consistency
Result: WARN
    No protocol specified
    See section ‘Generic functions and methods’ in the ‘Writing R
    Extensions’ manual.
Flavor: r-oldrel-macos-x86_64

Version: 2.1-1.1
Check: replacement functions
Result: WARN
    No protocol specified
    The argument of a replacement function which corresponds to the right
    hand side must be named ‘value’.
Flavor: r-oldrel-macos-x86_64

Version: 2.1-1.1
Check: foreign function calls
Result: NOTE
    No protocol specified
    See chapter ‘System and foreign language interfaces’ in the ‘Writing R
    Extensions’ manual.
Flavor: r-oldrel-macos-x86_64

Version: 2.1-1.1
Check: R code for possible problems
Result: NOTE
    No protocol specified
Flavor: r-oldrel-macos-x86_64

Version: 2.1-1.1
Check: for missing documentation entries
Result: WARN
    No protocol specified
    All user-level objects in a package should have documentation entries.
    See chapter ‘Writing R documentation files’ in the ‘Writing R
    Extensions’ manual.
Flavor: r-oldrel-macos-x86_64

Version: 2.1-1.1
Check: for code/documentation mismatches
Result: WARN
    No protocol specified
    No protocol specified
    No protocol specified
Flavor: r-oldrel-macos-x86_64

Version: 2.1-1.1
Check: Rd \usage sections
Result: NOTE
    No protocol specified
    The \usage entries for S3 methods should use the \method markup and not
    their full name.
    See chapter ‘Writing R documentation files’ in the ‘Writing R
    Extensions’ manual.
Flavor: r-oldrel-macos-x86_64