CRAN Package Check Results for Package demu

Last updated on 2021-10-25 07:50:14 CEST.

Flavor Version Tinstall Tcheck Ttotal Status Flags
r-devel-linux-x86_64-debian-clang 0.3.0 47.03 74.18 121.21 NOTE
r-devel-linux-x86_64-debian-gcc 0.3.0 36.71 55.88 92.59 NOTE
r-devel-linux-x86_64-fedora-clang 0.3.0 177.90 NOTE
r-devel-linux-x86_64-fedora-gcc 0.3.0 152.58 NOTE
r-devel-windows-x86_64 0.3.0 64.00 82.00 146.00 NOTE
r-devel-windows-x86_64-gcc10-UCRT 0.3.0 NOTE
r-patched-linux-x86_64 0.3.0 45.21 69.68 114.89 NOTE
r-patched-solaris-x86 0.3.0 177.20 NOTE
r-release-linux-x86_64 0.3.0 38.99 68.96 107.95 NOTE
r-release-macos-arm64 0.3.0 NOTE
r-release-macos-x86_64 0.3.0 NOTE
r-release-windows-ix86+x86_64 0.3.0 88.00 137.00 225.00 NOTE
r-oldrel-macos-x86_64 0.3.0 OK
r-oldrel-windows-ix86+x86_64 0.3.0 118.00 148.00 266.00 OK

Check Details

Version: 0.3.0
Check: LazyData
Result: NOTE
     'LazyData' is specified without a 'data' directory
Flavors: r-devel-linux-x86_64-debian-clang, r-devel-linux-x86_64-debian-gcc, r-devel-linux-x86_64-fedora-clang, r-devel-linux-x86_64-fedora-gcc, r-devel-windows-x86_64, r-devel-windows-x86_64-gcc10-UCRT, r-patched-linux-x86_64, r-patched-solaris-x86, r-release-linux-x86_64, r-release-macos-arm64, r-release-macos-x86_64, r-release-windows-ix86+x86_64

Version: 0.3.0
Check: installed package size
Result: NOTE
     installed size is 5.1Mb
     sub-directories of 1Mb or more:
     libs 4.9Mb
Flavor: r-release-macos-arm64