CRAN Package Check Results for Package decoder

Last updated on 2021-09-18 08:50:41 CEST.

Flavor Version Tinstall Tcheck Ttotal Status Flags
r-devel-linux-x86_64-debian-clang 1.2.2 5.31 38.02 43.33 OK
r-devel-linux-x86_64-debian-gcc 1.2.2 4.33 30.03 34.36 OK
r-devel-linux-x86_64-fedora-clang 1.2.2 60.97 NOTE
r-devel-linux-x86_64-fedora-gcc 1.2.2 51.69 NOTE
r-devel-windows-x86_64 1.2.2 9.00 63.00 72.00 OK
r-devel-windows-x86_64-gcc10-UCRT 1.2.2 NOTE
r-patched-linux-x86_64 1.2.2 6.92 36.73 43.65 OK
r-patched-solaris-x86 1.2.2 76.80 NOTE
r-release-linux-x86_64 1.2.2 5.01 37.12 42.13 OK
r-release-macos-arm64 1.2.2 NOTE
r-release-macos-x86_64 1.2.2 NOTE
r-release-windows-ix86+x86_64 1.2.2 10.00 49.00 59.00 OK
r-oldrel-macos-x86_64 1.2.2 NOTE
r-oldrel-windows-ix86+x86_64 1.2.2 11.00 62.00 73.00 OK

Check Details

Version: 1.2.2
Check: data for non-ASCII characters
Result: NOTE
     Note: found 1 marked Latin-1 string
     Note: found 46826 marked UTF-8 strings
Flavors: r-devel-linux-x86_64-fedora-clang, r-devel-linux-x86_64-fedora-gcc, r-devel-windows-x86_64-gcc10-UCRT, r-patched-solaris-x86, r-release-macos-arm64, r-release-macos-x86_64, r-oldrel-macos-x86_64