CRAN Package Check Results for Package decoder

Last updated on 2021-06-15 08:49:51 CEST.

Flavor Version Tinstall Tcheck Ttotal Status Flags
r-devel-linux-x86_64-debian-clang 1.2.2 5.91 38.61 44.52 OK
r-devel-linux-x86_64-debian-gcc 1.2.2 4.43 30.65 35.08 OK
r-devel-linux-x86_64-fedora-clang 1.2.2 62.38 NOTE
r-devel-linux-x86_64-fedora-gcc 1.2.2 53.68 NOTE
r-devel-windows-x86_64 1.2.2 9.00 60.00 69.00 OK
r-devel-windows-x86_64-gcc10-UCRT 1.2.2 NOTE
r-patched-linux-x86_64 1.2.2 6.97 37.58 44.55 OK
r-patched-solaris-x86 1.2.2 78.40 NOTE
r-release-linux-x86_64 1.2.2 5.48 37.69 43.17 OK
r-release-macos-arm64 1.2.2 NOTE
r-release-macos-x86_64 1.2.2 NOTE
r-release-windows-ix86+x86_64 1.2.2 10.00 57.00 67.00 OK
r-oldrel-macos-x86_64 1.2.2 NOTE
r-oldrel-windows-ix86+x86_64 1.2.2 10.00 62.00 72.00 OK

Check Details

Version: 1.2.2
Check: data for non-ASCII characters
Result: NOTE
     Note: found 1 marked Latin-1 string
     Note: found 46826 marked UTF-8 strings
Flavors: r-devel-linux-x86_64-fedora-clang, r-devel-linux-x86_64-fedora-gcc, r-devel-windows-x86_64-gcc10-UCRT, r-patched-solaris-x86, r-release-macos-arm64, r-release-macos-x86_64, r-oldrel-macos-x86_64