CRAN Package Check Results for Package debugme

Last updated on 2021-06-15 08:49:51 CEST.

Flavor Version Tinstall Tcheck Ttotal Status Flags
r-devel-linux-x86_64-debian-clang 1.1.0 2.15 24.09 26.24 NOTE
r-devel-linux-x86_64-debian-gcc 1.1.0 1.78 19.24 21.02 NOTE
r-devel-linux-x86_64-fedora-clang 1.1.0 40.61 NOTE
r-devel-linux-x86_64-fedora-gcc 1.1.0 30.44 NOTE
r-devel-windows-x86_64 1.1.0 4.00 39.00 43.00 NOTE
r-devel-windows-x86_64-gcc10-UCRT 1.1.0 NOTE
r-patched-linux-x86_64 1.1.0 2.10 23.54 25.64 NOTE
r-patched-solaris-x86 1.1.0 49.20 NOTE
r-release-linux-x86_64 1.1.0 2.10 23.49 25.59 NOTE
r-release-macos-arm64 1.1.0 NOTE
r-release-macos-x86_64 1.1.0 NOTE
r-release-windows-ix86+x86_64 1.1.0 6.00 38.00 44.00 NOTE
r-oldrel-macos-x86_64 1.1.0 OK
r-oldrel-windows-ix86+x86_64 1.1.0 4.00 39.00 43.00 OK

Check Details

Version: 1.1.0
Check: LazyData
Result: NOTE
     'LazyData' is specified without a 'data' directory
Flavors: r-devel-linux-x86_64-debian-clang, r-devel-linux-x86_64-debian-gcc, r-devel-linux-x86_64-fedora-clang, r-devel-linux-x86_64-fedora-gcc, r-devel-windows-x86_64, r-devel-windows-x86_64-gcc10-UCRT, r-patched-linux-x86_64, r-patched-solaris-x86, r-release-linux-x86_64, r-release-macos-arm64, r-release-macos-x86_64, r-release-windows-ix86+x86_64