CRAN Package Check Results for Package ddalpha

Last updated on 2021-07-25 07:49:58 CEST.

Flavor Version Tinstall Tcheck Ttotal Status Flags
r-devel-linux-x86_64-debian-clang 1.3.11 192.36 123.75 316.11 OK
r-devel-linux-x86_64-debian-gcc 1.3.11 113.15 93.51 206.66 OK
r-devel-linux-x86_64-fedora-clang 1.3.11 425.40 NOTE
r-devel-linux-x86_64-fedora-gcc 1.3.11 377.27 OK
r-devel-windows-x86_64 1.3.11 182.00 131.00 313.00 OK
r-devel-windows-x86_64-gcc10-UCRT 1.3.11 OK
r-patched-linux-x86_64 1.3.11 142.39 119.05 261.44 OK
r-patched-solaris-x86 1.3.11 404.30 OK
r-release-linux-x86_64 1.3.11 134.01 119.20 253.21 OK
r-release-macos-arm64 1.3.11 NOTE
r-release-macos-x86_64 1.3.11 OK
r-release-windows-ix86+x86_64 1.3.11 446.00 197.00 643.00 OK
r-oldrel-macos-x86_64 1.3.11 OK
r-oldrel-windows-ix86+x86_64 1.3.11 379.00 228.00 607.00 OK

Check Details

Version: 1.3.11
Check: Rd cross-references
Result: NOTE
    Undeclared package ‘fda.usc’ in Rd xrefs
Flavor: r-devel-linux-x86_64-fedora-clang

Version: 1.3.11
Check: installed package size
Result: NOTE
     installed size is 5.4Mb
     sub-directories of 1Mb or more:
     libs 4.1Mb
Flavor: r-release-macos-arm64