CRAN Package Check Results for Package dbx

Last updated on 2021-05-06 07:48:12 CEST.

Flavor Version Tinstall Tcheck Ttotal Status Flags
r-devel-linux-x86_64-debian-clang 0.2.8 2.68 29.73 32.41 NOTE
r-devel-linux-x86_64-debian-gcc 0.2.8 2.16 23.32 25.48 NOTE
r-devel-linux-x86_64-fedora-clang 0.2.8 50.12 NOTE
r-devel-linux-x86_64-fedora-gcc 0.2.8 38.13 NOTE
r-devel-windows-ix86+x86_64 0.2.8 5.00 46.00 51.00 NOTE
r-devel-windows-x86_64-gcc10-UCRT 0.2.8 NOTE
r-patched-linux-x86_64 0.2.8 2.56 29.02 31.58 NOTE
r-patched-solaris-x86 0.2.8 57.50 OK
r-release-linux-x86_64 0.2.8 2.67 28.96 31.63 OK
r-release-macos-x86_64 0.2.8 OK
r-release-windows-ix86+x86_64 0.2.8 5.00 34.00 39.00 OK
r-oldrel-macos-x86_64 0.2.8 OK
r-oldrel-windows-ix86+x86_64 0.2.8 4.00 43.00 47.00 OK

Check Details

Version: 0.2.8
Check: LazyData
Result: NOTE
     'LazyData' is specified without a 'data' directory
Flavors: r-devel-linux-x86_64-debian-clang, r-devel-linux-x86_64-debian-gcc, r-devel-linux-x86_64-fedora-clang, r-devel-linux-x86_64-fedora-gcc, r-devel-windows-ix86+x86_64, r-devel-windows-x86_64-gcc10-UCRT, r-patched-linux-x86_64