CRAN Package Check Results for Package datapack

Last updated on 2022-01-29 07:53:13 CET.

Flavor Version Tinstall Tcheck Ttotal Status Flags
r-devel-linux-x86_64-debian-clang 1.4.0 9.98 75.89 85.87 NOTE
r-devel-linux-x86_64-debian-gcc 1.4.0 8.79 59.45 68.24 NOTE
r-devel-linux-x86_64-fedora-clang 1.4.0 96.53 NOTE
r-devel-linux-x86_64-fedora-gcc 1.4.0 88.21 NOTE
r-devel-windows-x86_64-new-UL 1.4.0 180.00 116.00 296.00 NOTE
r-devel-windows-x86_64-new-TK 1.4.0 NOTE
r-patched-linux-x86_64 1.4.0 NOTE
r-release-linux-x86_64 1.4.0 6.68 68.74 75.42 NOTE
r-release-macos-arm64 1.4.0 NOTE
r-release-macos-x86_64 1.4.0 NOTE
r-release-windows-ix86+x86_64 1.4.0 18.00 87.00 105.00 NOTE
r-oldrel-macos-x86_64 1.4.0 OK
r-oldrel-windows-ix86+x86_64 1.4.0 18.00 89.00 107.00 OK

Check Details

Version: 1.4.0
Check: LazyData
Result: NOTE
     'LazyData' is specified without a 'data' directory
Flavors: r-devel-linux-x86_64-debian-clang, r-devel-linux-x86_64-debian-gcc, r-devel-linux-x86_64-fedora-clang, r-devel-linux-x86_64-fedora-gcc, r-devel-windows-x86_64-new-UL, r-devel-windows-x86_64-new-TK, r-patched-linux-x86_64, r-release-linux-x86_64, r-release-macos-arm64, r-release-macos-x86_64, r-release-windows-ix86+x86_64