CRAN Package Check Results for Package datapack

Last updated on 2021-05-10 07:48:09 CEST.

Flavor Version Tinstall Tcheck Ttotal Status Flags
r-devel-linux-x86_64-debian-clang 1.4.0 8.13 66.64 74.77 NOTE
r-devel-linux-x86_64-debian-gcc 1.4.0 7.21 51.47 58.68 NOTE
r-devel-linux-x86_64-fedora-clang 1.4.0 103.16 NOTE
r-devel-linux-x86_64-fedora-gcc 1.4.0 88.01 NOTE
r-devel-windows-ix86+x86_64 1.4.0 15.00 93.00 108.00 NOTE
r-devel-windows-x86_64-gcc10-UCRT 1.4.0 NOTE
r-patched-linux-x86_64 1.4.0 10.67 64.89 75.56 NOTE
r-patched-solaris-x86 1.4.0 129.30 NOTE
r-release-linux-x86_64 1.4.0 9.35 63.34 72.69 OK
r-release-macos-x86_64 1.4.0 OK
r-release-windows-ix86+x86_64 1.4.0 14.00 68.00 82.00 OK
r-oldrel-macos-x86_64 1.4.0 OK
r-oldrel-windows-ix86+x86_64 1.4.0 16.00 85.00 101.00 OK

Check Details

Version: 1.4.0
Check: LazyData
Result: NOTE
     'LazyData' is specified without a 'data' directory
Flavors: r-devel-linux-x86_64-debian-clang, r-devel-linux-x86_64-debian-gcc, r-devel-linux-x86_64-fedora-clang, r-devel-linux-x86_64-fedora-gcc, r-devel-windows-ix86+x86_64, r-devel-windows-x86_64-gcc10-UCRT, r-patched-linux-x86_64, r-patched-solaris-x86