CRAN Package Check Results for Package datamods

Last updated on 2021-08-05 07:49:20 CEST.

Flavor Version Tinstall Tcheck Ttotal Status Flags
r-devel-linux-x86_64-debian-clang 1.1.5 7.30 74.78 82.08 OK
r-devel-linux-x86_64-debian-gcc 1.1.5 6.18 55.78 61.96 OK
r-devel-linux-x86_64-fedora-clang 1.1.5 104.74 OK
r-devel-linux-x86_64-fedora-gcc 1.1.5 389.80 OK
r-devel-windows-x86_64 1.1.5 13.00 99.00 112.00 OK
r-devel-windows-x86_64-gcc10-UCRT 1.1.5 ERROR
r-patched-linux-x86_64 1.1.5 8.25 69.06 77.31 OK
r-patched-solaris-x86 1.1.5 147.40 OK
r-release-linux-x86_64 1.1.5 7.08 68.91 75.99 OK
r-release-macos-arm64 1.1.5 OK
r-release-macos-x86_64 1.1.5 OK
r-release-windows-ix86+x86_64 1.1.5 18.00 102.00 120.00 OK
r-oldrel-macos-x86_64 1.1.5 OK
r-oldrel-windows-ix86+x86_64 1.1.5 19.00 96.00 115.00 OK

Check Details

Version: 1.1.5
Check: package dependencies
Result: ERROR
    Packages required but not available: 'readxl', 'rio', 'tibble'
    
    Package suggested but not available for checking: 'testthat'
    
    See section 'The DESCRIPTION file' in the 'Writing R Extensions'
    manual.
Flavor: r-devel-windows-x86_64-gcc10-UCRT