CRAN Package Check Results for Package dataframeexplorer

Last updated on 2021-06-14 07:48:34 CEST.

Flavor Version Tinstall Tcheck Ttotal Status Flags
r-devel-linux-x86_64-debian-clang 1.0.0 2.81 28.19 31.00 NOTE
r-devel-linux-x86_64-debian-gcc 1.0.0 1.98 21.76 23.74 NOTE
r-devel-linux-x86_64-fedora-clang 1.0.0 46.58 NOTE
r-devel-linux-x86_64-fedora-gcc 1.0.0 35.35 NOTE
r-devel-windows-x86_64 1.0.0 5.00 40.00 45.00 NOTE
r-devel-windows-x86_64-gcc10-UCRT 1.0.0 NOTE
r-patched-linux-x86_64 1.0.0 2.55 26.73 29.28 NOTE
r-patched-solaris-x86 1.0.0 54.40 NOTE
r-release-linux-x86_64 1.0.0 1.82 26.72 28.54 NOTE
r-release-macos-arm64 1.0.0 NOTE
r-release-macos-x86_64 1.0.0 NOTE
r-release-windows-ix86+x86_64 1.0.0 6.00 49.00 55.00 NOTE
r-oldrel-macos-x86_64 1.0.0 OK
r-oldrel-windows-ix86+x86_64 1.0.0 7.00 41.00 48.00 OK

Check Details

Version: 1.0.0
Check: LazyData
Result: NOTE
     'LazyData' is specified without a 'data' directory
Flavors: r-devel-linux-x86_64-debian-clang, r-devel-linux-x86_64-debian-gcc, r-devel-linux-x86_64-fedora-clang, r-devel-linux-x86_64-fedora-gcc, r-devel-windows-x86_64, r-devel-windows-x86_64-gcc10-UCRT, r-patched-linux-x86_64, r-patched-solaris-x86, r-release-linux-x86_64, r-release-macos-arm64, r-release-macos-x86_64, r-release-windows-ix86+x86_64