CRAN Package Check Results for Package data.table

Last updated on 2021-06-22 07:49:24 CEST.

Flavor Version Tinstall Tcheck Ttotal Status Flags
r-devel-linux-x86_64-debian-clang 1.14.0 41.51 146.92 188.43 OK --no-tests
r-devel-linux-x86_64-debian-gcc 1.14.0 28.41 106.67 135.08 OK --no-tests
r-devel-linux-x86_64-fedora-clang 1.14.0 433.48 NOTE
r-devel-linux-x86_64-fedora-gcc 1.14.0 401.26 OK
r-devel-windows-x86_64 1.14.0 67.00 354.00 421.00 OK
r-devel-windows-x86_64-gcc10-UCRT 1.14.0 NOTE
r-patched-linux-x86_64 1.14.0 38.29 130.85 169.14 OK --no-tests
r-patched-solaris-x86 1.14.0 566.70 OK
r-release-linux-x86_64 1.14.0 35.46 130.17 165.63 OK --no-tests
r-release-macos-arm64 1.14.0 WARN
r-release-macos-x86_64 1.14.0 OK
r-release-windows-ix86+x86_64 1.14.0 113.00 829.00 942.00 OK
r-oldrel-macos-x86_64 1.14.0 OK

Check Details

Version: 1.14.0
Check: installed package size
Result: NOTE
     installed size is 5.0Mb
     sub-directories of 1Mb or more:
     libs 1.7Mb
Flavor: r-devel-linux-x86_64-fedora-clang

Version: 1.14.0
Check: package dependencies
Result: NOTE
    Package suggested but not available for checking: 'curl'
Flavor: r-devel-windows-x86_64-gcc10-UCRT

Version: 1.14.0
Check: re-building of vignette outputs
Result: WARN
    Error(s) in re-building vignettes:
    --- re-building ‘datatable-benchmarking.Rmd’ using rmarkdown
    Warning in engine$weave(file, quiet = quiet, encoding = enc) :
     Pandoc (>= 1.12.3) not available. Falling back to R Markdown v1.
    --- finished re-building ‘datatable-benchmarking.Rmd’
    
    --- re-building ‘datatable-faq.Rmd’ using rmarkdown
    Warning in engine$weave(file, quiet = quiet, encoding = enc) :
     Pandoc (>= 1.12.3) not available. Falling back to R Markdown v1.
    --- finished re-building ‘datatable-faq.Rmd’
    
    --- re-building ‘datatable-importing.Rmd’ using rmarkdown
    Warning in engine$weave(file, quiet = quiet, encoding = enc) :
     Pandoc (>= 1.12.3) not available. Falling back to R Markdown v1.
    --- finished re-building ‘datatable-importing.Rmd’
    
    --- re-building ‘datatable-intro.Rmd’ using rmarkdown
    Warning in engine$weave(file, quiet = quiet, encoding = enc) :
     Pandoc (>= 1.12.3) not available. Falling back to R Markdown v1.
    Loading required package: data.table
    --- finished re-building ‘datatable-intro.Rmd’
    
    --- re-building ‘datatable-keys-fast-subset.Rmd’ using rmarkdown
    Warning in engine$weave(file, quiet = quiet, encoding = enc) :
     Pandoc (>= 1.12.3) not available. Falling back to R Markdown v1.
    Loading required package: data.table
    --- finished re-building ‘datatable-keys-fast-subset.Rmd’
    
    --- re-building ‘datatable-reference-semantics.Rmd’ using rmarkdown
    Warning in engine$weave(file, quiet = quiet, encoding = enc) :
     Pandoc (>= 1.12.3) not available. Falling back to R Markdown v1.
    Loading required package: data.table
    --- finished re-building ‘datatable-reference-semantics.Rmd’
    
    Error in loadVignetteBuilder(pkgdir) : vignette builder 'knitr' not found
    Calls: <Anonymous> -> loadVignetteBuilder
    Execution halted
    Error in loadVignetteBuilder(pkgdir) : vignette builder 'knitr' not found
    Calls: <Anonymous> -> loadVignetteBuilder
    Execution halted
    Error in loadVignetteBuilder(pkgdir) : vignette builder 'knitr' not found
    Calls: <Anonymous> -> loadVignetteBuilder
    Execution halted
    rm -rf *.tex *.bbl *.blg *.aux *.out *.toc *.log *.spl *tikzDictionary *.md figure/
    rm -rf *.tex *.bbl *.blg *.aux *.out *.toc *.log *.spl *tikzDictionary *.md figure/
    SUMMARY: processing the following files failed:
     ‘datatable-reshape.Rmd’ ‘datatable-sd-usage.Rmd’
     ‘datatable-secondary-indices-and-auto-indexing.Rmd’
    
    Error: Vignette re-building failed.
    Execution halted
Flavor: r-release-macos-arm64