CRAN Package Check Results for Package dat

Last updated on 2021-08-05 07:49:20 CEST.

Flavor Version Tinstall Tcheck Ttotal Status Flags
r-devel-linux-x86_64-debian-clang 0.5.0 9.68 60.34 70.02 OK
r-devel-linux-x86_64-debian-gcc 0.5.0 7.38 45.07 52.45 OK
r-devel-linux-x86_64-fedora-clang 0.5.0 89.95 OK
r-devel-linux-x86_64-fedora-gcc 0.5.0 76.47 OK
r-devel-windows-x86_64 0.5.0 15.00 78.00 93.00 OK
r-devel-windows-x86_64-gcc10-UCRT 0.5.0 ERROR
r-patched-linux-x86_64 0.5.0 8.83 54.03 62.86 OK
r-patched-solaris-x86 0.5.0 113.80 OK
r-release-linux-x86_64 0.5.0 6.45 54.91 61.36 OK
r-release-macos-arm64 0.5.0 OK
r-release-macos-x86_64 0.5.0 OK
r-release-windows-ix86+x86_64 0.5.0 16.00 79.00 95.00 OK
r-oldrel-macos-x86_64 0.5.0 OK
r-oldrel-windows-ix86+x86_64 0.5.0 26.00 75.00 101.00 OK

Check Details

Version: 0.5.0
Check: package dependencies
Result: ERROR
    Package required but not available: 'aoos'
    
    Packages suggested but not available for checking:
     'dplyr', 'lintr', 'nycflights13', 'testthat', 'tibble'
    
    See section 'The DESCRIPTION file' in the 'Writing R Extensions'
    manual.
Flavor: r-devel-windows-x86_64-gcc10-UCRT