CRAN Package Check Results for Package dadjokeapi

Last updated on 2021-06-14 07:48:34 CEST.

Flavor Version Tinstall Tcheck Ttotal Status Flags
r-devel-linux-x86_64-debian-clang 1.0.2 3.85 42.19 46.04 NOTE
r-devel-linux-x86_64-debian-gcc 1.0.2 3.04 31.59 34.63 NOTE
r-devel-linux-x86_64-fedora-clang 1.0.2 63.33 NOTE
r-devel-linux-x86_64-fedora-gcc 1.0.2 51.91 NOTE
r-devel-windows-x86_64 1.0.2 9.00 55.00 64.00 NOTE
r-devel-windows-x86_64-gcc10-UCRT 1.0.2 NOTE
r-patched-linux-x86_64 1.0.2 3.54 39.05 42.59 NOTE
r-patched-solaris-x86 1.0.2 78.30 NOTE
r-release-linux-x86_64 1.0.2 3.61 39.15 42.76 NOTE
r-release-macos-arm64 1.0.2 NOTE
r-release-macos-x86_64 1.0.2 NOTE
r-release-windows-ix86+x86_64 1.0.2 18.00 63.00 81.00 NOTE
r-oldrel-macos-x86_64 1.0.2 OK
r-oldrel-windows-ix86+x86_64 1.0.2 12.00 59.00 71.00 OK

Check Details

Version: 1.0.2
Check: LazyData
Result: NOTE
     'LazyData' is specified without a 'data' directory
Flavors: r-devel-linux-x86_64-debian-clang, r-devel-linux-x86_64-debian-gcc, r-devel-linux-x86_64-fedora-clang, r-devel-linux-x86_64-fedora-gcc, r-devel-windows-x86_64, r-devel-windows-x86_64-gcc10-UCRT, r-patched-linux-x86_64, r-patched-solaris-x86, r-release-linux-x86_64, r-release-macos-arm64, r-release-macos-x86_64, r-release-windows-ix86+x86_64