CRAN Package Check Results for Package dabestr

Last updated on 2021-06-22 07:49:24 CEST.

Flavor Version Tinstall Tcheck Ttotal Status Flags
r-devel-linux-x86_64-debian-clang 0.3.0 27.50 226.37 253.87 OK
r-devel-linux-x86_64-debian-gcc 0.3.0 21.38 160.33 181.71 OK
r-devel-linux-x86_64-fedora-clang 0.3.0 274.19 NOTE
r-devel-linux-x86_64-fedora-gcc 0.3.0 269.00 NOTE
r-devel-windows-x86_64 0.3.0 13.00 237.00 250.00 OK
r-devel-windows-x86_64-gcc10-UCRT 0.3.0 NOTE
r-patched-linux-x86_64 0.3.0 33.02 210.62 243.64 OK
r-patched-solaris-x86 0.3.0 399.40 NOTE
r-release-linux-x86_64 0.3.0 20.65 211.16 231.81 OK
r-release-macos-arm64 0.3.0 NOTE
r-release-macos-x86_64 0.3.0 NOTE
r-release-windows-ix86+x86_64 0.3.0 20.00 260.00 280.00 OK
r-oldrel-macos-x86_64 0.3.0 NOTE

Check Details

Version: 0.3.0
Check: dependencies in R code
Result: NOTE
    Namespaces in Imports field not imported from:
     ‘plyr’ ‘simpleboot’
     All declared Imports should be used.
Flavors: r-devel-linux-x86_64-fedora-clang, r-devel-linux-x86_64-fedora-gcc, r-devel-windows-x86_64-gcc10-UCRT, r-patched-solaris-x86, r-release-macos-arm64, r-release-macos-x86_64, r-oldrel-macos-x86_64