CRAN Package Check Results for Package crsra

Last updated on 2021-07-27 07:50:19 CEST.

Flavor Version Tinstall Tcheck Ttotal Status Flags
r-devel-linux-x86_64-debian-clang 0.2.3 10.62 116.73 127.35 OK
r-devel-linux-x86_64-debian-gcc 0.2.3 9.33 83.28 92.61 OK
r-devel-linux-x86_64-fedora-clang 0.2.3 156.41 NOTE
r-devel-linux-x86_64-fedora-gcc 0.2.3 140.20 NOTE
r-devel-windows-x86_64 0.2.3 17.00 130.00 147.00 ERROR
r-devel-windows-x86_64-gcc10-UCRT 0.2.3 NOTE
r-patched-linux-x86_64 0.2.3 14.73 103.20 117.93 OK
r-patched-solaris-x86 0.2.3 190.60 NOTE
r-release-linux-x86_64 0.2.3 7.43 104.30 111.73 OK
r-release-macos-arm64 0.2.3 NOTE
r-release-macos-x86_64 0.2.3 NOTE
r-release-windows-ix86+x86_64 0.2.3 24.00 94.00 118.00 OK
r-oldrel-macos-x86_64 0.2.3 NOTE
r-oldrel-windows-ix86+x86_64 0.2.3 18.00 122.00 140.00 ERROR

Check Details

Version: 0.2.3
Check: data for non-ASCII characters
Result: NOTE
     Note: found 500 marked UTF-8 strings
Flavors: r-devel-linux-x86_64-fedora-clang, r-devel-linux-x86_64-fedora-gcc, r-devel-windows-x86_64-gcc10-UCRT, r-patched-solaris-x86, r-release-macos-arm64, r-release-macos-x86_64, r-oldrel-macos-x86_64

Version: 0.2.3
Check: examples
Result: ERROR
    Running examples in 'crsra-Ex.R' failed
    The error most likely occurred in:
    
    > ### Name: crsra_import_course
    > ### Title: Imports all the .csv files into one list consisting of all the
    > ### tables within the course.
    > ### Aliases: crsra_import_course
    >
    > ### ** Examples
    >
    > zip_file = system.file("extdata", "fake_course_7051862327916.zip",
    + package = "crsra")
    > bn = basename(zip_file)
    > bn = sub("[.]zip$", "", bn)
    > res = unzip(zip_file, exdir = tempdir(), overwrite = TRUE)
    Error in unzip(zip_file, exdir = tempdir(), overwrite = TRUE) :
     cannot open file 'D:/temp/RtmpQ9GA5q/fake_course_7051862327916/programming_submission_part_grid_grading_statuses.csv': Invalid argument
    Execution halted
Flavor: r-devel-windows-x86_64

Version: 0.2.3
Check: examples
Result: ERROR
    Running examples in 'crsra-Ex.R' failed
    The error most likely occurred in:
    
    > ### Name: crsra_import_course
    > ### Title: Imports all the .csv files into one list consisting of all the
    > ### tables within the course.
    > ### Aliases: crsra_import_course
    >
    > ### ** Examples
    >
    > zip_file = system.file("extdata", "fake_course_7051862327916.zip",
    + package = "crsra")
    > bn = basename(zip_file)
    > bn = sub("[.]zip$", "", bn)
    > res = unzip(zip_file, exdir = tempdir(), overwrite = TRUE)
    Error in unzip(zip_file, exdir = tempdir(), overwrite = TRUE) :
     cannot open file 'D:/temp/Rtmpisywyt/fake_course_7051862327916/programming_submission_part_grid_grading_statuses.csv': Invalid argument
    Execution halted
Flavor: r-oldrel-windows-ix86+x86_64