CRAN Package Check Results for Package crop

Last updated on 2021-10-25 07:50:13 CEST.

Flavor Version Tinstall Tcheck Ttotal Status Flags
r-devel-linux-x86_64-debian-clang 0.0-2 1.74 19.02 20.76 NOTE
r-devel-linux-x86_64-debian-gcc 0.0-2 1.45 15.33 16.78 NOTE
r-devel-linux-x86_64-fedora-clang 0.0-2 36.75 NOTE
r-devel-linux-x86_64-fedora-gcc 0.0-2 25.93 NOTE
r-devel-windows-x86_64 0.0-2 3.00 31.00 34.00 OK
r-devel-windows-x86_64-gcc10-UCRT 0.0-2 OK
r-patched-linux-x86_64 0.0-2 1.79 18.80 20.59 NOTE
r-patched-solaris-x86 0.0-2 44.40 NOTE
r-release-linux-x86_64 0.0-2 1.78 18.57 20.35 NOTE
r-release-macos-arm64 0.0-2 OK
r-release-macos-x86_64 0.0-2 OK
r-release-windows-ix86+x86_64 0.0-2 4.00 23.00 27.00 OK
r-oldrel-macos-x86_64 0.0-2 OK
r-oldrel-windows-ix86+x86_64 0.0-2 3.00 23.00 26.00 OK

Check Details

Version: 0.0-2
Check: for non-standard things in the check directory
Result: NOTE
    Found the following files/directories:
     'crop.eps' 'crop.pdf' 'crop.png' 'crop.ps'
Flavors: r-devel-linux-x86_64-debian-clang, r-devel-linux-x86_64-debian-gcc, r-devel-linux-x86_64-fedora-clang, r-devel-linux-x86_64-fedora-gcc, r-patched-linux-x86_64, r-patched-solaris-x86, r-release-linux-x86_64