CRAN Package Check Results for Package crmPack

Last updated on 2021-08-05 07:49:20 CEST.

Flavor Version Tinstall Tcheck Ttotal Status Flags
r-devel-linux-x86_64-debian-clang 1.0.0 22.11 201.03 223.14 NOTE --no-vignettes
r-devel-linux-x86_64-debian-gcc 1.0.0 18.67 153.81 172.48 NOTE --no-vignettes
r-devel-linux-x86_64-fedora-clang 1.0.0 1475.43 OK
r-devel-linux-x86_64-fedora-gcc 1.0.0 1500.32 OK
r-devel-windows-x86_64 1.0.0 43.00 185.00 228.00 NOTE --no-vignettes
r-devel-windows-x86_64-gcc10-UCRT 1.0.0 ERROR --no-vignettes
r-patched-linux-x86_64 1.0.0 27.51 186.93 214.44 NOTE --no-vignettes
r-patched-solaris-x86 1.0.0 329.70 OK --no-vignettes
r-release-linux-x86_64 1.0.0 19.94 188.17 208.11 NOTE --no-vignettes
r-release-macos-arm64 1.0.0 ERROR
r-release-macos-x86_64 1.0.0 OK
r-release-windows-ix86+x86_64 1.0.0 47.00 169.00 216.00 NOTE --no-vignettes
r-oldrel-macos-x86_64 1.0.0 OK
r-oldrel-windows-ix86+x86_64 1.0.0 45.00 246.00 291.00 NOTE --no-vignettes

Check Details

Version: 1.0.0
Flags: --no-vignettes
Check: package vignettes
Result: NOTE
    Package vignette with placeholder title 'Vignette Title':
     'guidelines.Rmd'
Flavors: r-devel-linux-x86_64-debian-clang, r-devel-linux-x86_64-debian-gcc, r-devel-windows-x86_64, r-patched-linux-x86_64, r-release-linux-x86_64, r-release-windows-ix86+x86_64, r-oldrel-windows-ix86+x86_64

Version: 1.0.0
Flags: --no-vignettes
Check: package dependencies
Result: ERROR
    Package required but not available: 'ggplot2'
    
    Package suggested but not available for checking: 'ggmcmc'
    
    See section 'The DESCRIPTION file' in the 'Writing R Extensions'
    manual.
Flavor: r-devel-windows-x86_64-gcc10-UCRT

Version: 1.0.0
Check: package dependencies
Result: ERROR
    Package required but not available: ‘rjags’
    
    See section ‘The DESCRIPTION file’ in the ‘Writing R Extensions’
    manual.
Flavor: r-release-macos-arm64