CRAN Package Check Results for Package crimeutils

Last updated on 2021-06-14 07:48:33 CEST.

Flavor Version Tinstall Tcheck Ttotal Status Flags
r-devel-linux-x86_64-debian-clang 0.3.0 2.89 37.75 40.64 NOTE
r-devel-linux-x86_64-debian-gcc 0.3.0 2.53 29.03 31.56 NOTE
r-devel-linux-x86_64-fedora-clang 0.3.0 57.58 NOTE
r-devel-linux-x86_64-fedora-gcc 0.3.0 47.79 NOTE
r-devel-windows-x86_64 0.3.0 6.00 58.00 64.00 NOTE
r-devel-windows-x86_64-gcc10-UCRT 0.3.0 NOTE
r-patched-linux-x86_64 0.3.0 3.51 36.13 39.64 NOTE
r-patched-solaris-x86 0.3.0 68.30 NOTE
r-release-linux-x86_64 0.3.0 1.93 36.30 38.23 NOTE
r-release-macos-arm64 0.3.0 NOTE
r-release-macos-x86_64 0.3.0 NOTE
r-release-windows-ix86+x86_64 0.3.0 7.00 55.00 62.00 NOTE
r-oldrel-macos-x86_64 0.3.0 OK
r-oldrel-windows-ix86+x86_64 0.3.0 8.00 61.00 69.00 OK

Check Details

Version: 0.3.0
Check: LazyData
Result: NOTE
     'LazyData' is specified without a 'data' directory
Flavors: r-devel-linux-x86_64-debian-clang, r-devel-linux-x86_64-debian-gcc, r-devel-linux-x86_64-fedora-clang, r-devel-linux-x86_64-fedora-gcc, r-devel-windows-x86_64, r-devel-windows-x86_64-gcc10-UCRT, r-patched-linux-x86_64, r-patched-solaris-x86, r-release-linux-x86_64, r-release-macos-arm64, r-release-macos-x86_64, r-release-windows-ix86+x86_64