CRAN Package Check Results for Package crawl

Last updated on 2021-06-14 07:48:33 CEST.

Flavor Version Tinstall Tcheck Ttotal Status Flags
r-devel-linux-x86_64-debian-clang 2.2.1 160.00 68.84 228.84 OK
r-devel-linux-x86_64-debian-gcc 2.2.1 100.66 50.72 151.38 OK
r-devel-linux-x86_64-fedora-clang 2.2.1 342.57 NOTE
r-devel-linux-x86_64-fedora-gcc 2.2.1 274.25 NOTE
r-devel-windows-x86_64 2.2.1 184.00 83.00 267.00 OK --no-vignettes
r-devel-windows-x86_64-gcc10-UCRT 2.2.1 ERROR
r-patched-linux-x86_64 2.2.1 115.14 64.64 179.78 OK
r-patched-solaris-x86 2.2.1 257.90 NOTE
r-release-linux-x86_64 2.2.1 108.58 64.77 173.35 OK
r-release-macos-arm64 2.2.1 NOTE
r-release-macos-x86_64 2.2.1 NOTE
r-release-windows-ix86+x86_64 2.2.1 310.00 124.00 434.00 OK --no-vignettes
r-oldrel-macos-x86_64 2.2.1 NOTE
r-oldrel-windows-ix86+x86_64 2.2.1 342.00 122.00 464.00 OK --no-vignettes

Check Details

Version: 2.2.1
Check: installed package size
Result: NOTE
     installed size is 7.4Mb
     sub-directories of 1Mb or more:
     libs 6.7Mb
Flavors: r-devel-linux-x86_64-fedora-clang, r-release-macos-arm64, r-release-macos-x86_64, r-oldrel-macos-x86_64

Version: 2.2.1
Check: dependencies in R code
Result: NOTE
    Namespaces in Imports field not imported from:
     ‘gdistance’ ‘raster’
     All declared Imports should be used.
Flavors: r-devel-linux-x86_64-fedora-clang, r-devel-linux-x86_64-fedora-gcc, r-patched-solaris-x86, r-release-macos-arm64, r-release-macos-x86_64, r-oldrel-macos-x86_64

Version: 2.2.1
Check: package dependencies
Result: ERROR
    Packages required but not available: 'rmapshaper', 'sf'
    
    See section 'The DESCRIPTION file' in the 'Writing R Extensions'
    manual.
Flavor: r-devel-windows-x86_64-gcc10-UCRT