CRAN Package Check Results for Package cppRouting

Last updated on 2021-05-05 07:48:54 CEST.

Flavor Version Tinstall Tcheck Ttotal Status Flags
r-devel-linux-x86_64-debian-clang 2.0 282.66 33.94 316.60 OK
r-devel-linux-x86_64-debian-gcc 2.0 169.88 26.23 196.11 OK
r-devel-linux-x86_64-fedora-clang 2.0 496.24 NOTE
r-devel-linux-x86_64-fedora-gcc 2.0 390.46 NOTE
r-devel-windows-ix86+x86_64 2.0 496.00 80.00 576.00 OK
r-devel-windows-x86_64-gcc10-UCRT 2.0 NOTE
r-patched-linux-x86_64 2.0 204.90 33.12 238.02 OK
r-patched-solaris-x86 2.0 332.20 NOTE
r-release-linux-x86_64 2.0 208.16 32.00 240.16 OK
r-release-macos-x86_64 2.0 NOTE
r-release-windows-ix86+x86_64 2.0 457.00 69.00 526.00 OK
r-oldrel-macos-x86_64 2.0 NOTE
r-oldrel-windows-ix86+x86_64 2.0 562.00 75.00 637.00 OK

Check Details

Version: 2.0
Check: installed package size
Result: NOTE
     installed size is 9.0Mb
     sub-directories of 1Mb or more:
     libs 8.8Mb
Flavors: r-devel-linux-x86_64-fedora-clang, r-release-macos-x86_64, r-oldrel-macos-x86_64

Version: 2.0
Check: dependencies in R code
Result: NOTE
    Namespace in Imports field not imported from: ‘RcppProgress’
     All declared Imports should be used.
Flavors: r-devel-linux-x86_64-fedora-clang, r-devel-linux-x86_64-fedora-gcc, r-devel-windows-x86_64-gcc10-UCRT, r-patched-solaris-x86, r-release-macos-x86_64, r-oldrel-macos-x86_64