CRAN Package Check Results for Package cowplot

Last updated on 2021-12-04 07:50:17 CET.

Flavor Version Tinstall Tcheck Ttotal Status Flags
r-devel-linux-x86_64-debian-clang 1.1.1 5.77 119.58 125.35 NOTE
r-devel-linux-x86_64-debian-gcc 1.1.1 4.42 87.71 92.13 NOTE
r-devel-linux-x86_64-fedora-clang 1.1.1 154.20 NOTE
r-devel-linux-x86_64-fedora-gcc 1.1.1 132.70 NOTE
r-devel-windows-x86_64-new-UL 1.1.1 18.00 169.00 187.00 NOTE
r-devel-windows-x86_64-new-TK 1.1.1 NOTE
r-devel-windows-x86_64-old 1.1.1 11.00 104.00 115.00 NOTE
r-patched-linux-x86_64 1.1.1 9.29 97.07 106.36 NOTE
r-release-linux-x86_64 1.1.1 5.25 98.16 103.41 NOTE
r-release-macos-arm64 1.1.1 NOTE
r-release-macos-x86_64 1.1.1 NOTE
r-release-windows-ix86+x86_64 1.1.1 15.00 137.00 152.00 NOTE
r-oldrel-macos-x86_64 1.1.1 OK
r-oldrel-windows-ix86+x86_64 1.1.1 15.00 135.00 150.00 OK

Check Details

Version: 1.1.1
Check: LazyData
Result: NOTE
     'LazyData' is specified without a 'data' directory
Flavors: r-devel-linux-x86_64-debian-clang, r-devel-linux-x86_64-debian-gcc, r-devel-linux-x86_64-fedora-clang, r-devel-linux-x86_64-fedora-gcc, r-devel-windows-x86_64-new-UL, r-devel-windows-x86_64-new-TK, r-devel-windows-x86_64-old, r-patched-linux-x86_64, r-release-linux-x86_64, r-release-macos-arm64, r-release-macos-x86_64, r-release-windows-ix86+x86_64