CRAN Package Check Results for Package coveffectsplot

Last updated on 2021-05-15 08:47:44 CEST.

Flavor Version Tinstall Tcheck Ttotal Status Flags
r-devel-linux-x86_64-debian-clang 0.0.9.1 3.70 225.75 229.45 OK
r-devel-linux-x86_64-debian-gcc 0.0.9.1 2.64 157.75 160.39 OK
r-devel-linux-x86_64-fedora-clang 0.0.9.1 275.84 NOTE
r-devel-linux-x86_64-fedora-gcc 0.0.9.1 260.79 NOTE
r-devel-windows-ix86+x86_64 0.0.9.1 9.00 270.00 279.00 OK
r-devel-windows-x86_64-gcc10-UCRT 0.0.9.1 NOTE
r-patched-linux-x86_64 0.0.9.1 3.76 202.95 206.71 OK
r-patched-solaris-x86 0.0.9.1 338.50 NOTE
r-release-linux-x86_64 0.0.9.1 3.28 204.85 208.13 OK
r-release-macos-x86_64 0.0.9.1 NOTE
r-release-windows-ix86+x86_64 0.0.9.1 5.00 259.00 264.00 OK
r-oldrel-macos-x86_64 0.0.9.1 NOTE
r-oldrel-windows-ix86+x86_64 0.0.9.1 4.00 289.00 293.00 OK

Check Details

Version: 0.0.9.1
Check: dependencies in R code
Result: NOTE
    Namespaces in Imports field not imported from:
     ‘colourpicker’ ‘dplyr’ ‘markdown’ ‘shinyjs’ ‘table1’ ‘tidyr’
     All declared Imports should be used.
Flavors: r-devel-linux-x86_64-fedora-clang, r-devel-linux-x86_64-fedora-gcc, r-devel-windows-x86_64-gcc10-UCRT, r-patched-solaris-x86, r-release-macos-x86_64, r-oldrel-macos-x86_64