CRAN Package Check Results for Package covatest

Last updated on 2021-09-24 07:49:13 CEST.

Flavor Version Tinstall Tcheck Ttotal Status Flags
r-devel-linux-x86_64-debian-clang 1.2.0 19.91 94.45 114.36 OK
r-devel-linux-x86_64-debian-gcc 1.2.0 14.19 72.95 87.14 OK
r-devel-linux-x86_64-fedora-clang 1.2.0 145.81 NOTE
r-devel-linux-x86_64-fedora-gcc 1.2.0 136.01 NOTE
r-devel-windows-x86_64 1.2.0 19.00 89.00 108.00 OK
r-devel-windows-x86_64-gcc10-UCRT 1.2.0 NOTE
r-patched-linux-x86_64 1.2.0 16.27 93.00 109.27 OK
r-patched-solaris-x86 1.2.0 188.60 NOTE
r-release-linux-x86_64 1.2.0 20.87 93.91 114.78 OK
r-release-macos-arm64 1.2.0 NOTE
r-release-macos-x86_64 1.2.0 NOTE
r-release-windows-ix86+x86_64 1.2.0 34.00 89.00 123.00 OK
r-oldrel-macos-x86_64 1.2.0 NOTE
r-oldrel-windows-ix86+x86_64 1.2.0 25.00 83.00 108.00 OK

Check Details

Version: 1.2.0
Check: dependencies in R code
Result: NOTE
    Namespace in Imports field not imported from: ‘gstat’
     All declared Imports should be used.
Flavors: r-devel-linux-x86_64-fedora-clang, r-devel-linux-x86_64-fedora-gcc, r-devel-windows-x86_64-gcc10-UCRT, r-patched-solaris-x86, r-release-macos-arm64, r-release-macos-x86_64, r-oldrel-macos-x86_64