CRAN Package Check Results for Package corx

Last updated on 2021-06-15 08:49:51 CEST.

Flavor Version Tinstall Tcheck Ttotal Status Flags
r-devel-linux-x86_64-debian-clang 1.0.6.1 2.37 35.74 38.11 NOTE
r-devel-linux-x86_64-debian-gcc 1.0.6.1 2.18 27.27 29.45 NOTE
r-devel-linux-x86_64-fedora-clang 1.0.6.1 55.36 NOTE
r-devel-linux-x86_64-fedora-gcc 1.0.6.1 44.74 NOTE
r-devel-windows-x86_64 1.0.6.1 6.00 55.00 61.00 NOTE
r-devel-windows-x86_64-gcc10-UCRT 1.0.6.1 NOTE
r-patched-linux-x86_64 1.0.6.1 3.04 33.98 37.02 NOTE
r-patched-solaris-x86 1.0.6.1 67.20 NOTE
r-release-linux-x86_64 1.0.6.1 2.86 34.26 37.12 NOTE
r-release-macos-arm64 1.0.6.1 NOTE
r-release-macos-x86_64 1.0.6.1 NOTE
r-release-windows-ix86+x86_64 1.0.6.1 8.00 55.00 63.00 NOTE
r-oldrel-macos-x86_64 1.0.6.1 OK
r-oldrel-windows-ix86+x86_64 1.0.6.1 8.00 66.00 74.00 OK

Check Details

Version: 1.0.6.1
Check: LazyData
Result: NOTE
     'LazyData' is specified without a 'data' directory
Flavors: r-devel-linux-x86_64-debian-clang, r-devel-linux-x86_64-debian-gcc, r-devel-linux-x86_64-fedora-clang, r-devel-linux-x86_64-fedora-gcc, r-devel-windows-x86_64, r-devel-windows-x86_64-gcc10-UCRT, r-patched-linux-x86_64, r-patched-solaris-x86, r-release-linux-x86_64, r-release-macos-arm64, r-release-macos-x86_64, r-release-windows-ix86+x86_64