CRAN Package Check Results for Package corregp

Last updated on 2021-08-04 07:49:28 CEST.

Flavor Version Tinstall Tcheck Ttotal Status Flags
r-devel-linux-x86_64-debian-clang 2.0.2 6.77 68.90 75.67 OK
r-devel-linux-x86_64-debian-gcc 2.0.2 5.47 51.10 56.57 OK
r-devel-linux-x86_64-fedora-clang 2.0.2 97.71 NOTE
r-devel-linux-x86_64-fedora-gcc 2.0.2 84.75 NOTE
r-devel-windows-x86_64 2.0.2 8.00 86.00 94.00 OK
r-devel-windows-x86_64-gcc10-UCRT 2.0.2 NOTE
r-patched-linux-x86_64 2.0.2 8.83 63.18 72.01 OK
r-patched-solaris-x86 2.0.2 110.60 NOTE
r-release-linux-x86_64 2.0.2 7.89 63.21 71.10 OK
r-release-macos-arm64 2.0.2 NOTE
r-release-macos-x86_64 2.0.2 NOTE
r-release-windows-ix86+x86_64 2.0.2 15.00 82.00 97.00 OK
r-oldrel-macos-x86_64 2.0.2 NOTE
r-oldrel-windows-ix86+x86_64 2.0.2 25.00 97.00 122.00 OK

Check Details

Version: 2.0.2
Check: data for non-ASCII characters
Result: NOTE
     Note: found 2 marked Latin-1 strings
Flavors: r-devel-linux-x86_64-fedora-clang, r-devel-linux-x86_64-fedora-gcc, r-devel-windows-x86_64-gcc10-UCRT, r-patched-solaris-x86, r-release-macos-arm64, r-release-macos-x86_64, r-oldrel-macos-x86_64