CRAN Package Check Results for Package corporaexplorer

Last updated on 2021-06-22 07:49:23 CEST.

Flavor Version Tinstall Tcheck Ttotal Status Flags
r-devel-linux-x86_64-debian-clang 0.8.4 4.04 43.09 47.13 OK
r-devel-linux-x86_64-debian-gcc 0.8.4 3.00 31.74 34.74 OK
r-devel-linux-x86_64-fedora-clang 0.8.4 63.75 NOTE
r-devel-linux-x86_64-fedora-gcc 0.8.4 51.69 NOTE
r-devel-windows-x86_64 0.8.4 6.00 57.00 63.00 OK
r-devel-windows-x86_64-gcc10-UCRT 0.8.4 ERROR
r-patched-linux-x86_64 0.8.4 4.15 39.64 43.79 OK
r-patched-solaris-x86 0.8.4 76.60 NOTE
r-release-linux-x86_64 0.8.4 2.79 39.60 42.39 OK
r-release-macos-arm64 0.8.4 NOTE
r-release-macos-x86_64 0.8.4 NOTE
r-release-windows-ix86+x86_64 0.8.4 8.00 63.00 71.00 OK
r-oldrel-macos-x86_64 0.8.4 NOTE

Check Details

Version: 0.8.4
Check: dependencies in R code
Result: NOTE
    Namespaces in Imports field not imported from:
     ‘RColorBrewer’ ‘ggplot2’ ‘rmarkdown’ ‘shinyWidgets’ ‘shinydashboard’
     ‘shinyjs’
     All declared Imports should be used.
Flavors: r-devel-linux-x86_64-fedora-clang, r-devel-linux-x86_64-fedora-gcc, r-devel-windows-x86_64-gcc10-UCRT, r-patched-solaris-x86, r-release-macos-arm64, r-release-macos-x86_64, r-oldrel-macos-x86_64

Version: 0.8.4
Check: package dependencies
Result: NOTE
    Package suggested but not available for checking: 'shinytest'
Flavor: r-devel-windows-x86_64-gcc10-UCRT

Version: 0.8.4
Check: tests
Result: ERROR
     Running 'testthat.R'
    Running the tests in 'tests/testthat.R' failed.
    Last 13 lines of output:
     == Failed tests ================================================================
     -- Error (test_explorer_app.R:4:1): (code run outside of `test_that()`) --------
     Error: there is no package called 'shinytest'
     Backtrace:
     x
     1. \-base::library(shinytest) test_explorer_app.R:4:0
     -- Error (test_extractor_app.R:4:1): (code run outside of `test_that()`) -------
     Error: there is no package called 'shinytest'
     Backtrace:
     x
     1. \-base::library(shinytest) test_extractor_app.R:4:0
    
     [ FAIL 2 | WARN 1 | SKIP 0 | PASS 1 ]
     Error: Test failures
     Execution halted
Flavor: r-devel-windows-x86_64-gcc10-UCRT